{"id":2822,"date":"2018-07-23T18:56:25","date_gmt":"2018-07-23T16:56:25","guid":{"rendered":"http:\/\/bryk.com.pl\/?page_id=2822"},"modified":"2025-04-04T11:42:44","modified_gmt":"2025-04-04T09:42:44","slug":"dokumenty","status":"publish","type":"page","link":"https:\/\/bryk.com.pl?page_id=2822","title":{"rendered":"Dokumenty"},"content":{"rendered":"<div class=\"row\"  id=\"row-563428669\">\n<div class=\"col nobgformobile showonlyonmobile h1onlymobile small-12 large-12\"  ><div class=\"col-inner\"  >\n  <div id=\"page-header-114573564\" class=\"page-header-wrapper\">\n  <div class=\"page-title light simple-title\">\n\n    \n    <div class=\"page-title-inner container align-center flex-row medium-flex-wrap row-reverse\" >\n              <div class=\"title-wrapper flex-col text-right medium-text-center\">\n          <h1 class=\"entry-title mb-0\">\n            O FIRMIE          <\/h1>\n        <\/div>\n                    <div class=\"title-content flex-col flex-left text-left medium-text-center\">\n        <div class=\"title-breadcrumbs pb-half pt-half\"><\/div>      <\/div>\n    <\/div><!-- flex-row -->\n\n     \n<style scope=\"scope\">\n\n<\/style>\n  <\/div><!-- .page-title -->\n    <\/div><!-- .page-header-wrapper -->\n  \n<\/div><\/div>\n<\/div>\n<div class=\"row imagescalebg bialy\"  id=\"row-1356870439\">\n<div class=\"col small-12 large-12\"  ><div class=\"col-inner\"  >\n<div class=\"row\"  id=\"row-1144217668\">\n<div class=\"col nobgformobile small-12 large-12\"  ><div class=\"col-inner\"  >\n  <div id=\"page-header-1700008674\" class=\"page-header-wrapper\">\n  <div class=\"page-title light simple-title\">\n\n    \n    <div class=\"page-title-inner container align-center flex-row medium-flex-wrap row-reverse\" >\n              <div class=\"title-wrapper flex-col text-right medium-text-center\">\n          <h1 class=\"entry-title mb-0\">\n            DOKUMENTY          <\/h1>\n        <\/div>\n                    <div class=\"title-content flex-col flex-left text-left medium-text-center\">\n        <div class=\"title-breadcrumbs pb-half pt-half\"><\/div>      <\/div>\n    <\/div><!-- flex-row -->\n\n     \n<style scope=\"scope\">\n\n<\/style>\n  <\/div><!-- .page-title -->\n    <\/div><!-- .page-header-wrapper -->\n  \n<\/div><\/div>\n<div class=\"col imagepageonlyformobile imagepageonlyformobileofirmie small-12 large-12\"  ><div class=\"col-inner\"  >\n<\/div><\/div>\n<div class=\"col small-12 large-12\"  ><div class=\"col-inner\"  >\n<p><a href=\"http:\/\/bryk.com.pl\/wp-content\/uploads\/2018\/06\/Klauzula_BRYK_Engineering.pdf\">Klauzula dotycz\u0105ca przetwarzania danych osobowych przez firm\u0119 BRYK Engineering Sp. z o.o.<\/a><br \/><a href=\"http:\/\/bryk.com.pl\/wp-content\/uploads\/2018\/06\/Klauzula_BRYK.pdf\">Klauzula dotycz\u0105ca przetwarzania danych osobowych przez firm\u0119 PPUH BRYK Witold Bryk<\/a><\/p>\n<p>\u00a0<\/p>\n<\/div><\/div>\n<\/div>\n<div class=\"row\"  id=\"row-2007464758\">\n<div class=\"col medium-6 small-12 large-6\"  ><div class=\"col-inner\" style=\"padding:0px 0px 0 0px;margin:0px 0px 0 0px;\" >\n<p><img decoding=\"async\" class=\"alignnone size-medium wp-image-2175\" src=\"http:\/\/bryk.com.pl\/wp-content\/uploads\/2018\/05\/woodworking_logo.svg\" alt=\"\" width=\"250\" height=\"auto\" \/><\/p>\n<div class=\"is-divider divider clearfix\" style=\"background-color:rgb(255, 255, 255);\"><\/div><!-- .divider -->\n<p><a href=\"https:\/\/bryk.com.pl\/wp-content\/uploads\/2025\/03\/Katalog-rozwiazan-narzedziowych-PL-2025a.pdf\">Pobierz katalog<\/a><\/p>\n<h4>POBIERZ KART\u0118 DOBORU NARZ\u0118DZI<\/h4>\n<p><a href=\"http:\/\/bryk.com.pl\/wp-content\/uploads\/2018\/03\/wwe_karta_dobor.pdf\">Pobierz kart\u0119 doboru narz\u0119dzi (PDF) &#8211; 0.3mb<\/a><\/p>\n<\/div><\/div>\n<div class=\"col medium-6 small-12 large-6\"  ><div class=\"col-inner\"  >\n<p><img decoding=\"async\" class=\"alignnone size-medium wp-image-2177\" src=\"http:\/\/bryk.com.pl\/wp-content\/uploads\/2018\/05\/advtechtools_logo.svg\" alt=\"\" width=\"200\" height=\"auto\" \/> <\/p>\n<div class=\"is-divider divider clearfix\" style=\"background-color:rgb(255, 255, 255);\"><\/div><!-- .divider -->\n<p><a href=\"http:\/\/bryk.com.pl\/wp-content\/uploads\/2018\/07\/Katalog-VHM.pdf\">Pobierz katalog<\/a><br \/><a href=\"http:\/\/bryk.com.pl\/wp-content\/uploads\/2018\/03\/Paramerty_skrawania_PCD.docx\">Paramerty skrawania PCD (.DOCX)<br \/><\/a><a href=\"http:\/\/bryk.com.pl\/wp-content\/uploads\/2018\/03\/Parametry_skrawania_VHM.pdf\">Parametry skrawania VHM (.PDF)<\/a><br \/><a href=\"http:\/\/bryk.com.pl\/wp-content\/uploads\/2018\/03\/przyk\u0142adowe_mat.pdf\">Przyk\u0142adowe materia\u0142y obrabiane<br \/><\/a><a href=\"http:\/\/bryk.com.pl\/wp-content\/uploads\/2018\/03\/skale_twardo\u015bci.pdf\">Skale twardo\u015bci materia\u0142\u00f3w<br \/><\/a><a href=\"http:\/\/bryk.com.pl\/wp-content\/uploads\/2018\/03\/tolerancje.pdf\">Tabela tolerancji<\/a><\/p>\n<h4>POBIERZ KART\u0118 DOBORU NARZ\u0118DZI<\/h4>\n<p><a href=\"http:\/\/bryk.com.pl\/wp-content\/uploads\/2018\/03\/karta_dobor__narzedzia_pelnoweglikowe_VHM.pdf\">Narz\u0119dzia Pe\u0142now\u0119glikowe (PDF) &#8211; 0.3mb<\/a><br \/><a href=\"http:\/\/bryk.com.pl\/wp-content\/uploads\/2018\/03\/karta_dobor_frez_trzpieniowy.pdf\">Frez Trzpieniowy PCD (PDF) &#8211; 0.3mb<\/a><br \/><a href=\"http:\/\/bryk.com.pl\/wp-content\/uploads\/2018\/03\/karta_dobor_wierla.pdf\">Wiert\u0142a PCD (PDF) &#8211; 0.31mb<\/a><br \/><a href=\"http:\/\/bryk.com.pl\/wp-content\/uploads\/2018\/03\/karta_dobor_noze_tokarskie.pdf\">No\u017ce Tokarskie PCD (PDF) &#8211; 0.34mb<\/a><br \/><a href=\"http:\/\/bryk.com.pl\/wp-content\/uploads\/2018\/03\/karta_dobor_glowice_i_narz_specjalne.pdf\">G\u0142owice i Narz\u0119dzia Specjalne PCD (PDF) &#8211; 0.31mb<\/a><\/p>\n<\/div><\/div>\n<\/div>\n<\/div><\/div>\n\n<style scope=\"scope\">\n\n<\/style>\n<\/div>\n","protected":false},"excerpt":{"rendered":"","protected":false},"author":24783,"featured_media":0,"parent":0,"menu_order":0,"comment_status":"closed","ping_status":"closed","template":"","meta":{"footnotes":""},"class_list":["post-2822","page","type-page","status-publish","hentry"],"yoast_head":"<!-- This site is optimized with the Yoast SEO plugin v24.5 - https:\/\/yoast.com\/wordpress\/plugins\/seo\/ -->\n<title>Dokumenty - BRYK - LEAVE A PRECISE MARK<\/title>\n<meta name=\"robots\" content=\"index, follow, max-snippet:-1, max-image-preview:large, max-video-preview:-1\" \/>\n<link rel=\"canonical\" href=\"https:\/\/bryk.com.pl\/?page_id=2822\" \/>\n<meta property=\"og:locale\" content=\"pl_PL\" \/>\n<meta property=\"og:type\" content=\"article\" \/>\n<meta property=\"og:title\" content=\"Dokumenty - BRYK - LEAVE A PRECISE MARK\" \/>\n<meta property=\"og:url\" content=\"https:\/\/bryk.com.pl\/?page_id=2822\" \/>\n<meta property=\"og:site_name\" content=\"BRYK - LEAVE A PRECISE MARK\" \/>\n<meta property=\"article:publisher\" content=\"https:\/\/www.facebook.com\/ppuhbryk\/\" \/>\n<meta property=\"article:modified_time\" content=\"2025-04-04T09:42:44+00:00\" \/>\n<meta property=\"og:image\" content=\"http:\/\/bryk.com.pl\/wp-content\/uploads\/2018\/05\/woodworking_logo.svg\" \/>\n<meta name=\"twitter:card\" content=\"summary_large_image\" \/>\n<meta name=\"twitter:label1\" content=\"Szacowany czas czytania\" \/>\n\t<meta name=\"twitter:data1\" content=\"1 minuta\" \/>\n<script type=\"application\/ld+json\" class=\"yoast-schema-graph\">{\"@context\":\"https:\/\/schema.org\",\"@graph\":[{\"@type\":\"WebPage\",\"@id\":\"https:\/\/bryk.com.pl\/?page_id=2822\",\"url\":\"https:\/\/bryk.com.pl\/?page_id=2822\",\"name\":\"Dokumenty - BRYK - LEAVE A PRECISE MARK\",\"isPartOf\":{\"@id\":\"https:\/\/bryk.com.pl\/#website\"},\"primaryImageOfPage\":{\"@id\":\"https:\/\/bryk.com.pl\/?page_id=2822#primaryimage\"},\"image\":{\"@id\":\"https:\/\/bryk.com.pl\/?page_id=2822#primaryimage\"},\"thumbnailUrl\":\"http:\/\/bryk.com.pl\/wp-content\/uploads\/2018\/05\/woodworking_logo.svg\",\"datePublished\":\"2018-07-23T16:56:25+00:00\",\"dateModified\":\"2025-04-04T09:42:44+00:00\",\"breadcrumb\":{\"@id\":\"https:\/\/bryk.com.pl\/?page_id=2822#breadcrumb\"},\"inLanguage\":\"pl-PL\",\"potentialAction\":[{\"@type\":\"ReadAction\",\"target\":[\"https:\/\/bryk.com.pl\/?page_id=2822\"]}]},{\"@type\":\"ImageObject\",\"inLanguage\":\"pl-PL\",\"@id\":\"https:\/\/bryk.com.pl\/?page_id=2822#primaryimage\",\"url\":\"https:\/\/bryk.com.pl\/wp-content\/uploads\/2018\/05\/woodworking_logo.svg\",\"contentUrl\":\"https:\/\/bryk.com.pl\/wp-content\/uploads\/2018\/05\/woodworking_logo.svg\",\"caption\":\"woodworking_logo\"},{\"@type\":\"BreadcrumbList\",\"@id\":\"https:\/\/bryk.com.pl\/?page_id=2822#breadcrumb\",\"itemListElement\":[{\"@type\":\"ListItem\",\"position\":1,\"name\":\"Strona g\u0142\u00f3wna\",\"item\":\"https:\/\/bryk.com.pl\/\"},{\"@type\":\"ListItem\",\"position\":2,\"name\":\"Dokumenty\"}]},{\"@type\":\"WebSite\",\"@id\":\"https:\/\/bryk.com.pl\/#website\",\"url\":\"https:\/\/bryk.com.pl\/\",\"name\":\"BRYK - LEAVE A PRECISE MARK\",\"description\":\"Polski producent narz\u0119dzi\",\"potentialAction\":[{\"@type\":\"SearchAction\",\"target\":{\"@type\":\"EntryPoint\",\"urlTemplate\":\"https:\/\/bryk.com.pl\/?s={search_term_string}\"},\"query-input\":{\"@type\":\"PropertyValueSpecification\",\"valueRequired\":true,\"valueName\":\"search_term_string\"}}],\"inLanguage\":\"pl-PL\"}]}<\/script>\n<!-- \/ Yoast SEO plugin. -->","yoast_head_json":{"title":"Dokumenty - BRYK - LEAVE A PRECISE MARK","robots":{"index":"index","follow":"follow","max-snippet":"max-snippet:-1","max-image-preview":"max-image-preview:large","max-video-preview":"max-video-preview:-1"},"canonical":"https:\/\/bryk.com.pl\/?page_id=2822","og_locale":"pl_PL","og_type":"article","og_title":"Dokumenty - BRYK - LEAVE A PRECISE MARK","og_url":"https:\/\/bryk.com.pl\/?page_id=2822","og_site_name":"BRYK - LEAVE A PRECISE MARK","article_publisher":"https:\/\/www.facebook.com\/ppuhbryk\/","article_modified_time":"2025-04-04T09:42:44+00:00","og_image":[{"url":"http:\/\/bryk.com.pl\/wp-content\/uploads\/2018\/05\/woodworking_logo.svg","type":"","width":"","height":""}],"twitter_card":"summary_large_image","twitter_misc":{"Szacowany czas czytania":"1 minuta"},"schema":{"@context":"https:\/\/schema.org","@graph":[{"@type":"WebPage","@id":"https:\/\/bryk.com.pl\/?page_id=2822","url":"https:\/\/bryk.com.pl\/?page_id=2822","name":"Dokumenty - BRYK - LEAVE A PRECISE MARK","isPartOf":{"@id":"https:\/\/bryk.com.pl\/#website"},"primaryImageOfPage":{"@id":"https:\/\/bryk.com.pl\/?page_id=2822#primaryimage"},"image":{"@id":"https:\/\/bryk.com.pl\/?page_id=2822#primaryimage"},"thumbnailUrl":"http:\/\/bryk.com.pl\/wp-content\/uploads\/2018\/05\/woodworking_logo.svg","datePublished":"2018-07-23T16:56:25+00:00","dateModified":"2025-04-04T09:42:44+00:00","breadcrumb":{"@id":"https:\/\/bryk.com.pl\/?page_id=2822#breadcrumb"},"inLanguage":"pl-PL","potentialAction":[{"@type":"ReadAction","target":["https:\/\/bryk.com.pl\/?page_id=2822"]}]},{"@type":"ImageObject","inLanguage":"pl-PL","@id":"https:\/\/bryk.com.pl\/?page_id=2822#primaryimage","url":"https:\/\/bryk.com.pl\/wp-content\/uploads\/2018\/05\/woodworking_logo.svg","contentUrl":"https:\/\/bryk.com.pl\/wp-content\/uploads\/2018\/05\/woodworking_logo.svg","caption":"woodworking_logo"},{"@type":"BreadcrumbList","@id":"https:\/\/bryk.com.pl\/?page_id=2822#breadcrumb","itemListElement":[{"@type":"ListItem","position":1,"name":"Strona g\u0142\u00f3wna","item":"https:\/\/bryk.com.pl\/"},{"@type":"ListItem","position":2,"name":"Dokumenty"}]},{"@type":"WebSite","@id":"https:\/\/bryk.com.pl\/#website","url":"https:\/\/bryk.com.pl\/","name":"BRYK - LEAVE A PRECISE MARK","description":"Polski producent narz\u0119dzi","potentialAction":[{"@type":"SearchAction","target":{"@type":"EntryPoint","urlTemplate":"https:\/\/bryk.com.pl\/?s={search_term_string}"},"query-input":{"@type":"PropertyValueSpecification","valueRequired":true,"valueName":"search_term_string"}}],"inLanguage":"pl-PL"}]}},"_links":{"self":[{"href":"https:\/\/bryk.com.pl\/index.php?rest_route=\/wp\/v2\/pages\/2822","targetHints":{"allow":["GET"]}}],"collection":[{"href":"https:\/\/bryk.com.pl\/index.php?rest_route=\/wp\/v2\/pages"}],"about":[{"href":"https:\/\/bryk.com.pl\/index.php?rest_route=\/wp\/v2\/types\/page"}],"author":[{"embeddable":true,"href":"https:\/\/bryk.com.pl\/index.php?rest_route=\/wp\/v2\/users\/24783"}],"replies":[{"embeddable":true,"href":"https:\/\/bryk.com.pl\/index.php?rest_route=%2Fwp%2Fv2%2Fcomments&post=2822"}],"version-history":[{"count":24,"href":"https:\/\/bryk.com.pl\/index.php?rest_route=\/wp\/v2\/pages\/2822\/revisions"}],"predecessor-version":[{"id":51556,"href":"https:\/\/bryk.com.pl\/index.php?rest_route=\/wp\/v2\/pages\/2822\/revisions\/51556"}],"wp:attachment":[{"href":"https:\/\/bryk.com.pl\/index.php?rest_route=%2Fwp%2Fv2%2Fmedia&parent=2822"}],"curies":[{"name":"wp","href":"https:\/\/api.w.org\/{rel}","templated":true}]}}