{"id":754,"date":"2018-02-18T17:30:24","date_gmt":"2018-02-18T16:30:24","guid":{"rendered":"http:\/\/bryk.com.pl\/?page_id=754"},"modified":"2026-04-17T13:38:55","modified_gmt":"2026-04-17T11:38:55","slug":"kontakt","status":"publish","type":"page","link":"https:\/\/bryk.com.pl?page_id=754","title":{"rendered":"Kontakt"},"content":{"rendered":"\t\t<div data-elementor-type=\"wp-page\" data-elementor-id=\"754\" class=\"elementor elementor-754\">\n\t\t\t\t\t\t<section class=\"elementor-section elementor-top-section elementor-element elementor-element-3a599ef elementor-section-boxed elementor-section-height-default elementor-section-height-default\" data-id=\"3a599ef\" data-element_type=\"section\">\n\t\t\t\t\t\t<div class=\"elementor-container elementor-column-gap-default\">\n\t\t\t\t\t<div class=\"elementor-column elementor-col-100 elementor-top-column elementor-element elementor-element-5893eec9\" data-id=\"5893eec9\" data-element_type=\"column\">\n\t\t\t<div class=\"elementor-widget-wrap elementor-element-populated\">\n\t\t\t\t\t\t<div class=\"elementor-element elementor-element-10d9d561 elementor-widget elementor-widget-text-editor\" data-id=\"10d9d561\" data-element_type=\"widget\" data-widget_type=\"text-editor.default\">\n\t\t\t\t<div class=\"elementor-widget-container\">\n\t\t\t\t\t\t\t\t\t<p><span style=\"color: #0000ff;\"><div class=\"row\"  id=\"row-72073757\"><\/span><\/p><p><span style=\"color: #0000ff;\"><div class=\"col nobgformobile showonlyonmobile h1onlymobile small-12 large-12\"  ><div class=\"col-inner\"  ><\/span><\/p><p><span style=\"color: #0000ff;\">  <div id=\"page-header-1232301465\" class=\"page-header-wrapper\">\n  <div class=\"page-title light simple-title\">\n\n    \n    <div class=\"page-title-inner container align-center flex-row medium-flex-wrap row-reverse\" >\n              <div class=\"title-wrapper flex-col text-right medium-text-center\">\n          <h1 class=\"entry-title mb-0\">\n            KONTAKT          <\/h1>\n        <\/div>\n                    <div class=\"title-content flex-col flex-left text-left medium-text-center\">\n        <div class=\"title-breadcrumbs pb-half pt-half\"><\/div>      <\/div>\n    <\/div><!-- flex-row -->\n\n     \n<style scope=\"scope\">\n\n<\/style>\n  <\/div><!-- .page-title -->\n    <\/div><!-- .page-header-wrapper -->\n  <\/span><\/p><p><span style=\"color: #0000ff;\"><\/div><\/div><\/span><\/p><p><span style=\"color: #0000ff;\"><\/div><\/span><br \/><div class=\"row imagescalebg kontakt-bg\"  id=\"row-1728013665\"><\/p><div class=\"col imagepageonlyformobile imagepageonlyformobileofirmie small-12 large-12\"  ><div class=\"col-inner\"  ><p><img fetchpriority=\"high\" decoding=\"async\" src=\"http:\/\/bryk.com.pl\/wp-content\/uploads\/2018\/05\/ofirmiefirmabg_full.jpg\" alt=\"\" width=\"1140\" height=\"677\" \/><\/p><\/div><\/div><div class=\"col small-12 large-12\"  ><div class=\"col-inner\"  >  <div id=\"page-header-829860477\" class=\"page-header-wrapper\">\n  <div class=\"page-title light simple-title\">\n\n    \n    <div class=\"page-title-inner container align-center flex-row medium-flex-wrap row-reverse\" >\n              <div class=\"title-wrapper flex-col text-right medium-text-center\">\n          <h1 class=\"entry-title mb-0\">\n            Dane kontaktowe          <\/h1>\n        <\/div>\n                    <div class=\"title-content flex-col flex-left text-left medium-text-center\">\n        <div class=\"title-breadcrumbs pb-half pt-half\"><\/div>      <\/div>\n    <\/div><!-- flex-row -->\n\n     \n<style scope=\"scope\">\n\n<\/style>\n  <\/div><!-- .page-title -->\n    <\/div><!-- .page-header-wrapper -->\n  <\/div><\/div><div class=\"col medium-6 small-12 large-6\"  ><div class=\"col-inner\"  ><\/div><\/div><div class=\"col medium-6 small-12 large-6\"  ><div class=\"col-inner\"  ><p style=\"text-align: right;\">BRYK Sp. z o.o.<\/p><p style=\"text-align: right;\">36-002 Jasionka 954H<br \/>tel. +48 17 225 04 77<br \/>e-mail: biuro@bryk.com.pl<\/p><p style=\"text-align: right;\">NIP: 5170442107<br \/>Regon: 52708726600000<br \/>BDO: 000614751<\/p><\/div><\/div><p>\n<style scope=\"scope\">\n\n<\/style>\n<\/div><div class=\"row kontakt-sprzedaz-handlowcy kontakt-sprzedaz-handlowcy-1\"  id=\"row-1562881804\"><\/p><div class=\"col handlowcy-col-1 small-12 large-12\"  ><div class=\"col-inner\"  ><h5 style=\"text-align: center;\">DZIA\u0141 HANDLOWY:<\/h5><p style=\"text-align: center;\">tel. +48 17 225 04 76<br \/>e-mail: biuro@bryk.com.pl<\/p><h5 style=\"text-align: center;\">OSTRZENIE:<\/h5><p style=\"text-align: center;\">tel. 506 859 979<br \/>e-mail: magazyn@bryk.com.pl<\/p><h5>\u00a0<\/h5><h5 style=\"text-align: center;\">SEKRETARIAT:<\/h5><p style=\"text-align: center;\">tel. +48 17\u00a0225 86 75<br \/>tel. +48 17 225 04 77<br \/>e-mail: biuro@bryk.com.pl<\/p><\/div><\/div><p>\n<style scope=\"scope\">\n\n<\/style>\n<\/div><br \/><div class=\"row kontakt-sprzedaz-handlowcy kontakt-sprzedaz-handlowcy-2\"  id=\"row-859205354\"><\/p><div class=\"col handlowcy-col-4 small-12 large-12\"  ><div class=\"col-inner\"  ><h4 style=\"text-align: center;\">Region:<\/h4><h5 style=\"text-align: center;\"><strong>Polska Po\u0142udniowo-Wschodnia<\/strong><\/h5><p style=\"text-align: center;\"><b>Waldemar Skroban<\/b><br \/>tel. +48 693 106 716<br \/>e-mail: w.skroban@bryk.com.pl<\/p><h5 style=\"text-align: center;\">Doradca Techniczno &#8211; Handlowy<\/h5><\/div><\/div><div class=\"col handlowcy-col-4 small-12 large-12\"  ><div class=\"col-inner\"  ><h4 style=\"text-align: center;\">Region:<\/h4><h5 style=\"text-align: center;\">Polska Po\u0142udniowo \u2013 Wschodnia<\/h5><p style=\"text-align: center;\"><strong>Marek K\u0142osowski<\/strong><br \/>tel. +48 695 901 650<br \/>e-mail: m.klosowski@bryk.com.pl<\/p><h5 style=\"text-align: center;\">Regionalny Manager Sprzeda\u017cy<\/h5><\/div><\/div><div class=\"col handlowcy-col-4 small-12 large-12\"  ><div class=\"col-inner\"  ><h4 style=\"text-align: center;\">Region:<\/h4><h5 style=\"text-align: center;\">Polska Zachodnia<\/h5><p style=\"text-align: center;\"><strong>Krzysztof Jander<\/strong><br \/>tel. +48 533 239 166<br \/>e-mail: k.jander@bryk.com.pl<\/p><h5 style=\"text-align: center;\">Dyrektor Sprzeda\u017cy<\/h5><\/div><\/div><div class=\"col handlowcy-col-4 small-12 large-12\"  ><div class=\"col-inner\"  ><h4 style=\"text-align: center;\">Region:<\/h4><h5 style=\"text-align: center;\">Polska Po\u0142udniowo \u2013 Zachodnia<\/h5><p style=\"text-align: center;\"><strong>Jaros\u0142aw Rabenda<\/strong><br \/>tel. +48 506 568 232<br \/>e-mail: j.rabenda@bryk.com.pl<\/p><h5 style=\"text-align: center;\">Key Account Manager<\/h5><h5 style=\"text-align: center;\">\u00a0<\/h5><\/div><\/div><div class=\"col handlowcy-col-4 small-12 large-12\"  ><div class=\"col-inner\"  ><h4 style=\"text-align: center;\">Region:<\/h4><h5 style=\"text-align: center;\">Warmi\u0144sko &#8211; Mazurski<\/h5><p style=\"text-align: center;\"><strong>&#8212;<\/strong><br \/>tel.\u00a0<br \/>e-mail:\u00a0<\/p><h5 style=\"text-align: center;\">Doradca Techniczno-Handlowy<\/h5><\/div><\/div><div class=\"col handlowcy-col-4 lastkontaktitem small-12 large-12\"  ><div class=\"col-inner\"  ><h4 style=\"text-align: center;\">Region:<\/h4><h5 style=\"text-align: center;\">P\u00f3\u0142nocno &#8211; Centralny<\/h5><p style=\"text-align: center;\"><strong>Jakub Spycha\u0142a<\/strong><br \/>tel. +48 502 681 272<br \/>e-mail: j.spychala@bryk.com.pl<\/p><h5 style=\"text-align: center;\">Doradca Techniczno-Handlowy<\/h5><\/div><\/div><p>\n<style scope=\"scope\">\n\n<\/style>\n<\/div><br \/><div class=\"row kontakt-sprzedaz-handlowcy kontakt-sprzedaz-handlowcy-3\"  id=\"row-1848478894\"><\/p><div class=\"col handlowcy-col-1 small-12 large-12\"  ><div class=\"col-inner\"  ><p style=\"text-align: center;\"><span style=\"color: #000000;\"><strong><b>Rados\u0142aw Grodzicki<\/b><\/strong><\/span><br \/>Tel. +48 691 500 400<br \/>e-mail: r.grodzicki@bryk.com.pl<\/p><p style=\"text-align: center;\"><span style=\"color: #003366;\"><strong>Dyrektor Zarz\u0105dzaj\u0105cy<\/strong><\/span><\/p><\/div><\/div><div class=\"col handlowcy-col-4 small-12 large-12\"  ><div class=\"col-inner\"  ><p style=\"text-align: center;\"><strong>Jowita R\u0119bak<\/strong><br \/>Tel. +48 506 568 143<br \/>e-mail: j.rebak@bryk.com.pl<\/p><h5 style=\"text-align: center;\">Marketing Manager<\/h5><\/div><\/div><div class=\"col handlowcy-col-1 small-12 large-12\"  ><div class=\"col-inner\"  ><p style=\"text-align: center;\"><strong>Pawe\u0142 Pasternak<\/strong><br \/>tel. +48 609 420 669<br \/>e-mail: p.pasternak@bryk.com.pl<\/p><h5 style=\"text-align: center;\">Key Account Manager<\/h5><\/div><\/div><div class=\"col handlowcy-col-1 small-12 large-12\"  ><div class=\"col-inner\"  ><p style=\"text-align: center;\"><strong>Edyta Sk\u00f3rska<\/strong><br \/>tel. +48 601 459 975<br \/>e-mail: e.skorska@bryk.com.pl<\/p><h5 style=\"text-align: center;\">Kierownik dzia\u0142u Obs\u0142ugi Handlowej<\/h5><h5 style=\"text-align: center;\">\u00a0<\/h5><\/div><\/div><div class=\"col handlowcy-col-4 small-12 large-12\"  ><div class=\"col-inner\"  ><p style=\"text-align: center;\"><span style=\"color: #000000;\"><strong>Anna Skroban<\/strong><\/span><br \/>tel. +48 734 124 402<br \/>e-mail: a.skroban@bryk.com.pl<\/p><p style=\"text-align: center;\"><span style=\"color: #003366;\"><strong>Kierownik dzia\u0142u<br \/>Ksi\u0119gowo\u015bci, Projekt\u00f3w<br \/>i Kontrolingu<\/strong><\/span><\/p><div style=\"text-align: center;\">\u00a0<\/div><\/div><\/div><div class=\"col handlowcy-col-1 small-12 large-12\"  ><div class=\"col-inner\"  ><h4 style=\"text-align: center;\">Serwis:<\/h4><p style=\"text-align: center;\">+48 506 859 979<br \/>e-mail: magazyn@bryk.com.pl<\/p><\/div><\/div><p>\n<style scope=\"scope\">\n\n<\/style>\n<\/div>\t\t\t\t\t\t\t\t<\/div>\n\t\t\t\t<\/div>\n\t\t\t\t\t<\/div>\n\t\t<\/div>\n\t\t\t\t\t<\/div>\n\t\t<\/section>\n\t\t\t\t<\/div>\n\t\t","protected":false},"excerpt":{"rendered":"","protected":false},"author":24783,"featured_media":687,"parent":0,"menu_order":0,"comment_status":"closed","ping_status":"closed","template":"","meta":{"footnotes":""},"class_list":["post-754","page","type-page","status-publish","has-post-thumbnail","hentry"],"yoast_head":"<!-- This site is optimized with the Yoast SEO plugin v24.5 - https:\/\/yoast.com\/wordpress\/plugins\/seo\/ -->\n<title>Kontakt - BRYK - LEAVE A PRECISE MARK<\/title>\n<meta name=\"robots\" content=\"index, follow, max-snippet:-1, max-image-preview:large, max-video-preview:-1\" \/>\n<link rel=\"canonical\" href=\"https:\/\/bryk.com.pl\/?page_id=754\" \/>\n<meta property=\"og:locale\" content=\"pl_PL\" \/>\n<meta property=\"og:type\" content=\"article\" \/>\n<meta property=\"og:title\" content=\"Kontakt - BRYK - LEAVE A PRECISE MARK\" \/>\n<meta property=\"og:url\" content=\"https:\/\/bryk.com.pl\/?page_id=754\" \/>\n<meta property=\"og:site_name\" content=\"BRYK - LEAVE A PRECISE MARK\" \/>\n<meta property=\"article:publisher\" content=\"https:\/\/www.facebook.com\/ppuhbryk\/\" \/>\n<meta property=\"article:modified_time\" content=\"2026-04-17T11:38:55+00:00\" \/>\n<meta property=\"og:image\" content=\"https:\/\/bryk.com.pl\/wp-content\/uploads\/2018\/02\/ofirmiefirmabg.jpg\" \/>\n\t<meta property=\"og:image:width\" content=\"1407\" \/>\n\t<meta property=\"og:image:height\" content=\"973\" \/>\n\t<meta property=\"og:image:type\" content=\"image\/jpeg\" \/>\n<meta name=\"twitter:card\" content=\"summary_large_image\" \/>\n<meta name=\"twitter:label1\" content=\"Szacowany czas czytania\" \/>\n\t<meta name=\"twitter:data1\" content=\"2 minuty\" \/>\n<script type=\"application\/ld+json\" class=\"yoast-schema-graph\">{\"@context\":\"https:\/\/schema.org\",\"@graph\":[{\"@type\":\"WebPage\",\"@id\":\"https:\/\/bryk.com.pl\/?page_id=754\",\"url\":\"https:\/\/bryk.com.pl\/?page_id=754\",\"name\":\"Kontakt - BRYK - LEAVE A PRECISE MARK\",\"isPartOf\":{\"@id\":\"https:\/\/bryk.com.pl\/#website\"},\"primaryImageOfPage\":{\"@id\":\"https:\/\/bryk.com.pl\/?page_id=754#primaryimage\"},\"image\":{\"@id\":\"https:\/\/bryk.com.pl\/?page_id=754#primaryimage\"},\"thumbnailUrl\":\"https:\/\/bryk.com.pl\/wp-content\/uploads\/2018\/02\/ofirmiefirmabg.jpg\",\"datePublished\":\"2018-02-18T16:30:24+00:00\",\"dateModified\":\"2026-04-17T11:38:55+00:00\",\"breadcrumb\":{\"@id\":\"https:\/\/bryk.com.pl\/?page_id=754#breadcrumb\"},\"inLanguage\":\"pl-PL\",\"potentialAction\":[{\"@type\":\"ReadAction\",\"target\":[\"https:\/\/bryk.com.pl\/?page_id=754\"]}]},{\"@type\":\"ImageObject\",\"inLanguage\":\"pl-PL\",\"@id\":\"https:\/\/bryk.com.pl\/?page_id=754#primaryimage\",\"url\":\"https:\/\/bryk.com.pl\/wp-content\/uploads\/2018\/02\/ofirmiefirmabg.jpg\",\"contentUrl\":\"https:\/\/bryk.com.pl\/wp-content\/uploads\/2018\/02\/ofirmiefirmabg.jpg\",\"width\":1407,\"height\":973,\"caption\":\"ofirmiefirmabg\"},{\"@type\":\"BreadcrumbList\",\"@id\":\"https:\/\/bryk.com.pl\/?page_id=754#breadcrumb\",\"itemListElement\":[{\"@type\":\"ListItem\",\"position\":1,\"name\":\"Strona g\u0142\u00f3wna\",\"item\":\"https:\/\/bryk.com.pl\/\"},{\"@type\":\"ListItem\",\"position\":2,\"name\":\"Kontakt\"}]},{\"@type\":\"WebSite\",\"@id\":\"https:\/\/bryk.com.pl\/#website\",\"url\":\"https:\/\/bryk.com.pl\/\",\"name\":\"BRYK - LEAVE A PRECISE MARK\",\"description\":\"Polski producent narz\u0119dzi\",\"potentialAction\":[{\"@type\":\"SearchAction\",\"target\":{\"@type\":\"EntryPoint\",\"urlTemplate\":\"https:\/\/bryk.com.pl\/?s={search_term_string}\"},\"query-input\":{\"@type\":\"PropertyValueSpecification\",\"valueRequired\":true,\"valueName\":\"search_term_string\"}}],\"inLanguage\":\"pl-PL\"}]}<\/script>\n<!-- \/ Yoast SEO plugin. -->","yoast_head_json":{"title":"Kontakt - BRYK - LEAVE A PRECISE MARK","robots":{"index":"index","follow":"follow","max-snippet":"max-snippet:-1","max-image-preview":"max-image-preview:large","max-video-preview":"max-video-preview:-1"},"canonical":"https:\/\/bryk.com.pl\/?page_id=754","og_locale":"pl_PL","og_type":"article","og_title":"Kontakt - BRYK - LEAVE A PRECISE MARK","og_url":"https:\/\/bryk.com.pl\/?page_id=754","og_site_name":"BRYK - LEAVE A PRECISE MARK","article_publisher":"https:\/\/www.facebook.com\/ppuhbryk\/","article_modified_time":"2026-04-17T11:38:55+00:00","og_image":[{"width":1407,"height":973,"url":"https:\/\/bryk.com.pl\/wp-content\/uploads\/2018\/02\/ofirmiefirmabg.jpg","type":"image\/jpeg"}],"twitter_card":"summary_large_image","twitter_misc":{"Szacowany czas czytania":"2 minuty"},"schema":{"@context":"https:\/\/schema.org","@graph":[{"@type":"WebPage","@id":"https:\/\/bryk.com.pl\/?page_id=754","url":"https:\/\/bryk.com.pl\/?page_id=754","name":"Kontakt - BRYK - LEAVE A PRECISE MARK","isPartOf":{"@id":"https:\/\/bryk.com.pl\/#website"},"primaryImageOfPage":{"@id":"https:\/\/bryk.com.pl\/?page_id=754#primaryimage"},"image":{"@id":"https:\/\/bryk.com.pl\/?page_id=754#primaryimage"},"thumbnailUrl":"https:\/\/bryk.com.pl\/wp-content\/uploads\/2018\/02\/ofirmiefirmabg.jpg","datePublished":"2018-02-18T16:30:24+00:00","dateModified":"2026-04-17T11:38:55+00:00","breadcrumb":{"@id":"https:\/\/bryk.com.pl\/?page_id=754#breadcrumb"},"inLanguage":"pl-PL","potentialAction":[{"@type":"ReadAction","target":["https:\/\/bryk.com.pl\/?page_id=754"]}]},{"@type":"ImageObject","inLanguage":"pl-PL","@id":"https:\/\/bryk.com.pl\/?page_id=754#primaryimage","url":"https:\/\/bryk.com.pl\/wp-content\/uploads\/2018\/02\/ofirmiefirmabg.jpg","contentUrl":"https:\/\/bryk.com.pl\/wp-content\/uploads\/2018\/02\/ofirmiefirmabg.jpg","width":1407,"height":973,"caption":"ofirmiefirmabg"},{"@type":"BreadcrumbList","@id":"https:\/\/bryk.com.pl\/?page_id=754#breadcrumb","itemListElement":[{"@type":"ListItem","position":1,"name":"Strona g\u0142\u00f3wna","item":"https:\/\/bryk.com.pl\/"},{"@type":"ListItem","position":2,"name":"Kontakt"}]},{"@type":"WebSite","@id":"https:\/\/bryk.com.pl\/#website","url":"https:\/\/bryk.com.pl\/","name":"BRYK - LEAVE A PRECISE MARK","description":"Polski producent narz\u0119dzi","potentialAction":[{"@type":"SearchAction","target":{"@type":"EntryPoint","urlTemplate":"https:\/\/bryk.com.pl\/?s={search_term_string}"},"query-input":{"@type":"PropertyValueSpecification","valueRequired":true,"valueName":"search_term_string"}}],"inLanguage":"pl-PL"}]}},"_links":{"self":[{"href":"https:\/\/bryk.com.pl\/index.php?rest_route=\/wp\/v2\/pages\/754","targetHints":{"allow":["GET"]}}],"collection":[{"href":"https:\/\/bryk.com.pl\/index.php?rest_route=\/wp\/v2\/pages"}],"about":[{"href":"https:\/\/bryk.com.pl\/index.php?rest_route=\/wp\/v2\/types\/page"}],"author":[{"embeddable":true,"href":"https:\/\/bryk.com.pl\/index.php?rest_route=\/wp\/v2\/users\/24783"}],"replies":[{"embeddable":true,"href":"https:\/\/bryk.com.pl\/index.php?rest_route=%2Fwp%2Fv2%2Fcomments&post=754"}],"version-history":[{"count":144,"href":"https:\/\/bryk.com.pl\/index.php?rest_route=\/wp\/v2\/pages\/754\/revisions"}],"predecessor-version":[{"id":51740,"href":"https:\/\/bryk.com.pl\/index.php?rest_route=\/wp\/v2\/pages\/754\/revisions\/51740"}],"wp:featuredmedia":[{"embeddable":true,"href":"https:\/\/bryk.com.pl\/index.php?rest_route=\/wp\/v2\/media\/687"}],"wp:attachment":[{"href":"https:\/\/bryk.com.pl\/index.php?rest_route=%2Fwp%2Fv2%2Fmedia&parent=754"}],"curies":[{"name":"wp","href":"https:\/\/api.w.org\/{rel}","templated":true}]}}