{"id":875,"date":"2018-02-22T23:12:11","date_gmt":"2018-02-22T22:12:11","guid":{"rendered":"http:\/\/bryk.com.pl\/?page_id=875"},"modified":"2018-06-19T22:08:25","modified_gmt":"2018-06-19T20:08:25","slug":"dane-techniczne-2","status":"publish","type":"page","link":"https:\/\/bryk.com.pl?page_id=875","title":{"rendered":"Dane techniczne"},"content":{"rendered":"<div class=\"row imagescalebg danetech-we-1-bg\"  id=\"row-1625771466\">\n<div class=\"col imagepageonlyformobile logomobileattwood nobgformobile small-12 large-12\"  ><div class=\"col-inner text-right\"  >\n<p><img decoding=\"async\" class=\"size-full wp-image-2220 alignright\" src=\"http:\/\/bryk.com.pl\/wp-content\/uploads\/2018\/05\/advtechtools_logo_w-1.svg\" alt=\"\"><\/p>\n<\/div><\/div>\n<div class=\"col nobgformobile imagepageonlyformobile small-12 large-12\"  ><div class=\"col-inner\"  >\n  <div id=\"page-header-1454457101\" class=\"page-header-wrapper\">\n  <div class=\"page-title light simple-title\">\n\n    \n    <div class=\"page-title-inner container align-center flex-row medium-flex-wrap row-reverse\" >\n              <div class=\"title-wrapper flex-col text-right medium-text-center\">\n          <h1 class=\"entry-title mb-0\">\n            Dane techniczne          <\/h1>\n        <\/div>\n                    <div class=\"title-content flex-col flex-left text-left medium-text-center\">\n        <div class=\"title-breadcrumbs pb-half pt-half\"><\/div>      <\/div>\n    <\/div><!-- flex-row -->\n\n     \n<style scope=\"scope\">\n\n<\/style>\n  <\/div><!-- .page-title -->\n    <\/div><!-- .page-header-wrapper -->\n  \n<\/div><\/div>\n<div class=\"col contentmobile small-12 large-12\"  ><div class=\"col-inner\"  >\n<div class=\"row\"  id=\"row-223060958\">\n<div class=\"col next-to-absolute-right medium-6 small-12 large-6\"  ><div class=\"col-inner\"  >\n  <div id=\"page-header-1819565768\" class=\"page-header-wrapper\">\n  <div class=\"page-title light simple-title\">\n\n    \n    <div class=\"page-title-inner container align-center flex-row medium-flex-wrap row-reverse\" >\n              <div class=\"title-wrapper flex-col text-right medium-text-center\">\n          <h1 class=\"entry-title mb-0\">\n            Dob\u00f3r parametr\u00f3w skrawania          <\/h1>\n        <\/div>\n                    <div class=\"title-content flex-col flex-left text-left medium-text-center\">\n        <div class=\"title-breadcrumbs pb-half pt-half\"><\/div>      <\/div>\n    <\/div><!-- flex-row -->\n\n     \n<style scope=\"scope\">\n\n<\/style>\n  <\/div><!-- .page-title -->\n    <\/div><!-- .page-header-wrapper -->\n  \n<p style=\"text-align: right;\">Na \u017cyczenie klienta podczas wdro\u017ce\u0144 narz\u0119dzi dobieramy najbardziej optymalne parametry skrawania w zale\u017cno\u015bci od warunk\u00f3w technologicznych i obrabianych materia\u0142\u00f3w.<br \/>Zalecane parametry skrawania dla PCD i VHM:<\/p>\n<p style=\"text-align: right;\"><a href=\"http:\/\/bryk.com.pl\/wp-content\/uploads\/2018\/03\/Paramerty_skrawania_PCD.docx\">Paramerty skrawania PCD (.DOCX)<br \/><\/a><a href=\"http:\/\/bryk.com.pl\/wp-content\/uploads\/2018\/03\/Parametry_skrawania_VHM.pdf\">Parametry skrawania VHM (.PDF)<\/a><\/p>\n<\/div><\/div>\n<div class=\"col absolute-col absolute-col-left medium-6 small-12 large-6\"  ><div class=\"col-inner\"  >\n<\/div><\/div>\n<\/div>\n<\/div><\/div>\n\n<style scope=\"scope\">\n\n<\/style>\n<\/div>\n<div class=\"row imagescalebg danetech-we-2-bg\"  id=\"row-2090081545\">\n<div class=\"col contentmobile small-12 large-12\"  ><div class=\"col-inner\"  >\n<div class=\"row\"  id=\"row-1094916584\">\n<div class=\"col next-to-absolute-left medium-6 small-12 large-6\"  ><div class=\"col-inner\"  >\n  <div id=\"page-header-988407144\" class=\"page-header-wrapper\">\n  <div class=\"page-title light simple-title\">\n\n    \n    <div class=\"page-title-inner container align-center flex-row medium-flex-wrap\" >\n              <div class=\"title-wrapper flex-col text-left medium-text-center\">\n          <h1 class=\"entry-title mb-0\">\n            DANE TECHNICZNE          <\/h1>\n        <\/div>\n                    <div class=\"title-content flex-col flex-right text-right medium-text-center\">\n        <div class=\"title-breadcrumbs pb-half pt-half\"><\/div>      <\/div>\n    <\/div><!-- flex-row -->\n\n     \n<style scope=\"scope\">\n\n<\/style>\n  <\/div><!-- .page-title -->\n    <\/div><!-- .page-header-wrapper -->\n  \n<p>Dla u\u0142atwienia pracy przedstawiamy kompendium informacji i danych technicznych, kt\u00f3re b\u0119d\u0105 pomocne na co dzie\u0144: podstawowe wzory, przyk\u0142adowe materia\u0142y obrabiane i ich oznaczenia wg norm, skale twardo\u015bci oraz tabela tolerancji.<\/p>\n<div class=\"clear-br-p\">\n<p><strong>ae<\/strong> \u2013 szeroko\u015b\u0107 frezowania [mm]\n<p><strong> ap<\/strong> \u2013 g\u0142\u0119boko\u015b\u0107 skrawania [mm]\n<p><strong>d1<\/strong> \u2013 \u015brednica narz\u0119dzia [mm]\n<p><strong>\u03c0<\/strong> \u2013 3,14<\/p>\n<p><strong>z<\/strong> \u2013 Liczba z\u0119b\u00f3w<\/p>\n<\/div>\n<p><strong><br \/>n<\/strong> = (Vc * 1000) \/ (d1 * \u03c0) &#8211; Pr\u0119dko\u015b\u0107 obrotowa<br \/><strong>Vc<\/strong> = (d1 * \u03c0 * n) \/ 1000 &#8211; Pr\u0119dko\u015b\u0107 skrawania<br \/><strong>fz<\/strong> = Vf \/ (z * n) = f \/ z &#8211; Posuw na ostrze<br \/><strong>f<\/strong> = fz * z \u2013 Posuw na obr\u00f3t<br \/><strong>Vf<\/strong> = fz * z * n &#8211; Pr\u0119dko\u015b\u0107 posuwu<br \/><strong>Q<\/strong> = (ae * ap * Vf) \/ 1000 &#8211; Ilo\u015b\u0107 generowanych wi\u00f3r\u00f3w<\/p>\n<p><a href=\"http:\/\/bryk.com.pl\/wp-content\/uploads\/2018\/03\/przyk\u0142adowe_mat.pdf\">Przyk\u0142adowe materia\u0142y obrabiane<br \/><\/a><a href=\"http:\/\/bryk.com.pl\/wp-content\/uploads\/2018\/03\/skale_twardo\u015bci.pdf\">Skale twardo\u015bci\u00a0 materia\u0142\u00f3w<br \/><\/a><a href=\"http:\/\/bryk.com.pl\/wp-content\/uploads\/2018\/03\/tolerancje.pdf\">Tabela tolerancji<\/a><\/p>\n<\/div><\/div>\n<div class=\"col absolute-col absolute-col-right medium-6 small-12 large-6\"  ><div class=\"col-inner text-right\" style=\"margin:460px 0px 0px 0px;\" >\n<\/div><\/div>\n<\/div>\n<\/div><\/div>\n\n<style scope=\"scope\">\n\n<\/style>\n<\/div>\n<div class=\"row imagescalebg danetech-we-3-bg\"  id=\"row-1646399664\">\n<div class=\"col contentmobile small-12 large-12\"  ><div class=\"col-inner\"  >\n<div class=\"row\"  id=\"row-1266971617\">\n<div class=\"col next-to-absolute-right medium-6 small-12 large-6\"  ><div class=\"col-inner\"  >\n  <div id=\"page-header-107713066\" class=\"page-header-wrapper\">\n  <div class=\"page-title light simple-title\">\n\n    \n    <div class=\"page-title-inner container align-center flex-row medium-flex-wrap row-reverse\" >\n              <div class=\"title-wrapper flex-col text-right medium-text-center\">\n          <h1 class=\"entry-title mb-0\">\n            Dob\u00f3r narz\u0119dzi          <\/h1>\n        <\/div>\n                    <div class=\"title-content flex-col flex-left text-left medium-text-center\">\n        <div class=\"title-breadcrumbs pb-half pt-half\"><\/div>      <\/div>\n    <\/div><!-- flex-row -->\n\n     \n<style scope=\"scope\">\n\n<\/style>\n  <\/div><!-- .page-title -->\n    <\/div><!-- .page-header-wrapper -->\n  \n<p style=\"text-align: right;\">Dob\u00f3r i zamawianie narz\u0119dzi realizowane jest bezpo\u015brednio z klientem, przy sta\u0142ej wsp\u00f3\u0142pracy doradcy techniczno-handlowego. Bardzo pomocnym narz\u0119dziem b\u0119d\u0105 karty doboru narz\u0119dzi do pobrania poni\u017cej.<\/p>\n<\/div><\/div>\n<div class=\"col pobierz-karte-doboru-narz absolute-col absolute-col-left medium-6 small-12 large-6\"  ><div class=\"col-inner\" style=\"margin:50px 0px 0px 0px;\" >\n    <div class=\"box has-hover has-hover box-text-bottom\" >\n\n                  <div class=\"box-image\" >\n             <div class=\"\" >\n                <img fetchpriority=\"high\" decoding=\"async\" width=\"457\" height=\"314\" src=\"https:\/\/bryk.com.pl\/wp-content\/uploads\/2018\/02\/dane_tech_pobierz_karte.png\" class=\"attachment- size-\" alt=\"\" \/>                                              <\/div>\n          <\/div><!-- box-image -->\n         \n          <div class=\"box-text text-center\" >\n                <div class=\"box-text-inner\">\n                    \n<h4>POBIERZ KART\u0118 DOBORU<br \/> NARZ\u0118DZI<\/h4>\n<p><a href=\"http:\/\/bryk.com.pl\/wp-content\/uploads\/2018\/03\/karta_dobor__narzedzia_pelnoweglikowe_VHM.pdf\">Narz\u0119dzia Pe\u0142now\u0119glikowe (PDF) &#8211; 0.3mb<\/a><\/p>\n<p><a href=\"http:\/\/bryk.com.pl\/wp-content\/uploads\/2018\/03\/karta_dobor_frez_trzpieniowy.pdf\">Frez Trzpieniowy PCD (PDF) &#8211; 0.3mb<\/a><\/p>\n<p><a href=\"http:\/\/bryk.com.pl\/wp-content\/uploads\/2018\/03\/karta_dobor_wierla.pdf\">Wiert\u0142a PCD (PDF) &#8211; 0.31mb<\/a><\/p>\n<p><a href=\"http:\/\/bryk.com.pl\/wp-content\/uploads\/2018\/03\/karta_dobor_noze_tokarskie.pdf\">No\u017ce Tokarskie PCD (PDF) &#8211; 0.34mb<\/a><\/p>\n<p><a href=\"http:\/\/bryk.com.pl\/wp-content\/uploads\/2018\/03\/karta_dobor_glowice_i_narz_specjalne.pdf\">G\u0142owice i Narz\u0119dzia Specjalne PCD (PDF) &#8211; 0.31mb<\/a><\/p>\n                <\/div><!-- box-text-inner -->\n          <\/div><!-- box-text -->\n    <\/div><!-- .box  -->\n    \n<\/div><\/div>\n<\/div>\n<\/div><\/div>\n\n<style scope=\"scope\">\n\n<\/style>\n<\/div>\n","protected":false},"excerpt":{"rendered":"","protected":false},"author":24783,"featured_media":0,"parent":0,"menu_order":0,"comment_status":"closed","ping_status":"closed","template":"","meta":{"footnotes":""},"class_list":["post-875","page","type-page","status-publish","hentry"],"yoast_head":"<!-- This site is optimized with the Yoast SEO plugin v24.5 - https:\/\/yoast.com\/wordpress\/plugins\/seo\/ -->\n<title>Dane techniczne - BRYK - LEAVE A PRECISE MARK<\/title>\n<meta name=\"robots\" content=\"index, follow, max-snippet:-1, max-image-preview:large, max-video-preview:-1\" \/>\n<link rel=\"canonical\" href=\"https:\/\/bryk.com.pl\/?page_id=875\" \/>\n<meta property=\"og:locale\" content=\"pl_PL\" \/>\n<meta property=\"og:type\" content=\"article\" \/>\n<meta property=\"og:title\" content=\"Dane techniczne - BRYK - LEAVE A PRECISE MARK\" \/>\n<meta property=\"og:url\" content=\"https:\/\/bryk.com.pl\/?page_id=875\" \/>\n<meta property=\"og:site_name\" content=\"BRYK - LEAVE A PRECISE MARK\" \/>\n<meta property=\"article:publisher\" content=\"https:\/\/www.facebook.com\/ppuhbryk\/\" \/>\n<meta property=\"article:modified_time\" content=\"2018-06-19T20:08:25+00:00\" \/>\n<meta property=\"og:image\" content=\"http:\/\/bryk.com.pl\/wp-content\/uploads\/2018\/05\/advtechtools_logo_w-1.svg\" \/>\n<meta name=\"twitter:card\" content=\"summary_large_image\" \/>\n<meta name=\"twitter:label1\" content=\"Szacowany czas czytania\" \/>\n\t<meta name=\"twitter:data1\" content=\"2 minuty\" \/>\n<script type=\"application\/ld+json\" class=\"yoast-schema-graph\">{\"@context\":\"https:\/\/schema.org\",\"@graph\":[{\"@type\":\"WebPage\",\"@id\":\"https:\/\/bryk.com.pl\/?page_id=875\",\"url\":\"https:\/\/bryk.com.pl\/?page_id=875\",\"name\":\"Dane techniczne - BRYK - LEAVE A PRECISE MARK\",\"isPartOf\":{\"@id\":\"https:\/\/bryk.com.pl\/#website\"},\"primaryImageOfPage\":{\"@id\":\"https:\/\/bryk.com.pl\/?page_id=875#primaryimage\"},\"image\":{\"@id\":\"https:\/\/bryk.com.pl\/?page_id=875#primaryimage\"},\"thumbnailUrl\":\"http:\/\/bryk.com.pl\/wp-content\/uploads\/2018\/05\/advtechtools_logo_w-1.svg\",\"datePublished\":\"2018-02-22T22:12:11+00:00\",\"dateModified\":\"2018-06-19T20:08:25+00:00\",\"breadcrumb\":{\"@id\":\"https:\/\/bryk.com.pl\/?page_id=875#breadcrumb\"},\"inLanguage\":\"pl-PL\",\"potentialAction\":[{\"@type\":\"ReadAction\",\"target\":[\"https:\/\/bryk.com.pl\/?page_id=875\"]}]},{\"@type\":\"ImageObject\",\"inLanguage\":\"pl-PL\",\"@id\":\"https:\/\/bryk.com.pl\/?page_id=875#primaryimage\",\"url\":\"http:\/\/bryk.com.pl\/wp-content\/uploads\/2018\/05\/advtechtools_logo_w-1.svg\",\"contentUrl\":\"http:\/\/bryk.com.pl\/wp-content\/uploads\/2018\/05\/advtechtools_logo_w-1.svg\"},{\"@type\":\"BreadcrumbList\",\"@id\":\"https:\/\/bryk.com.pl\/?page_id=875#breadcrumb\",\"itemListElement\":[{\"@type\":\"ListItem\",\"position\":1,\"name\":\"Strona g\u0142\u00f3wna\",\"item\":\"https:\/\/bryk.com.pl\/\"},{\"@type\":\"ListItem\",\"position\":2,\"name\":\"Dane techniczne\"}]},{\"@type\":\"WebSite\",\"@id\":\"https:\/\/bryk.com.pl\/#website\",\"url\":\"https:\/\/bryk.com.pl\/\",\"name\":\"BRYK - LEAVE A PRECISE MARK\",\"description\":\"Polski producent narz\u0119dzi\",\"potentialAction\":[{\"@type\":\"SearchAction\",\"target\":{\"@type\":\"EntryPoint\",\"urlTemplate\":\"https:\/\/bryk.com.pl\/?s={search_term_string}\"},\"query-input\":{\"@type\":\"PropertyValueSpecification\",\"valueRequired\":true,\"valueName\":\"search_term_string\"}}],\"inLanguage\":\"pl-PL\"}]}<\/script>\n<!-- \/ Yoast SEO plugin. -->","yoast_head_json":{"title":"Dane techniczne - BRYK - LEAVE A PRECISE MARK","robots":{"index":"index","follow":"follow","max-snippet":"max-snippet:-1","max-image-preview":"max-image-preview:large","max-video-preview":"max-video-preview:-1"},"canonical":"https:\/\/bryk.com.pl\/?page_id=875","og_locale":"pl_PL","og_type":"article","og_title":"Dane techniczne - BRYK - LEAVE A PRECISE MARK","og_url":"https:\/\/bryk.com.pl\/?page_id=875","og_site_name":"BRYK - LEAVE A PRECISE MARK","article_publisher":"https:\/\/www.facebook.com\/ppuhbryk\/","article_modified_time":"2018-06-19T20:08:25+00:00","og_image":[{"url":"http:\/\/bryk.com.pl\/wp-content\/uploads\/2018\/05\/advtechtools_logo_w-1.svg","type":"","width":"","height":""}],"twitter_card":"summary_large_image","twitter_misc":{"Szacowany czas czytania":"2 minuty"},"schema":{"@context":"https:\/\/schema.org","@graph":[{"@type":"WebPage","@id":"https:\/\/bryk.com.pl\/?page_id=875","url":"https:\/\/bryk.com.pl\/?page_id=875","name":"Dane techniczne - BRYK - LEAVE A PRECISE MARK","isPartOf":{"@id":"https:\/\/bryk.com.pl\/#website"},"primaryImageOfPage":{"@id":"https:\/\/bryk.com.pl\/?page_id=875#primaryimage"},"image":{"@id":"https:\/\/bryk.com.pl\/?page_id=875#primaryimage"},"thumbnailUrl":"http:\/\/bryk.com.pl\/wp-content\/uploads\/2018\/05\/advtechtools_logo_w-1.svg","datePublished":"2018-02-22T22:12:11+00:00","dateModified":"2018-06-19T20:08:25+00:00","breadcrumb":{"@id":"https:\/\/bryk.com.pl\/?page_id=875#breadcrumb"},"inLanguage":"pl-PL","potentialAction":[{"@type":"ReadAction","target":["https:\/\/bryk.com.pl\/?page_id=875"]}]},{"@type":"ImageObject","inLanguage":"pl-PL","@id":"https:\/\/bryk.com.pl\/?page_id=875#primaryimage","url":"http:\/\/bryk.com.pl\/wp-content\/uploads\/2018\/05\/advtechtools_logo_w-1.svg","contentUrl":"http:\/\/bryk.com.pl\/wp-content\/uploads\/2018\/05\/advtechtools_logo_w-1.svg"},{"@type":"BreadcrumbList","@id":"https:\/\/bryk.com.pl\/?page_id=875#breadcrumb","itemListElement":[{"@type":"ListItem","position":1,"name":"Strona g\u0142\u00f3wna","item":"https:\/\/bryk.com.pl\/"},{"@type":"ListItem","position":2,"name":"Dane techniczne"}]},{"@type":"WebSite","@id":"https:\/\/bryk.com.pl\/#website","url":"https:\/\/bryk.com.pl\/","name":"BRYK - LEAVE A PRECISE MARK","description":"Polski producent narz\u0119dzi","potentialAction":[{"@type":"SearchAction","target":{"@type":"EntryPoint","urlTemplate":"https:\/\/bryk.com.pl\/?s={search_term_string}"},"query-input":{"@type":"PropertyValueSpecification","valueRequired":true,"valueName":"search_term_string"}}],"inLanguage":"pl-PL"}]}},"_links":{"self":[{"href":"https:\/\/bryk.com.pl\/index.php?rest_route=\/wp\/v2\/pages\/875","targetHints":{"allow":["GET"]}}],"collection":[{"href":"https:\/\/bryk.com.pl\/index.php?rest_route=\/wp\/v2\/pages"}],"about":[{"href":"https:\/\/bryk.com.pl\/index.php?rest_route=\/wp\/v2\/types\/page"}],"author":[{"embeddable":true,"href":"https:\/\/bryk.com.pl\/index.php?rest_route=\/wp\/v2\/users\/24783"}],"replies":[{"embeddable":true,"href":"https:\/\/bryk.com.pl\/index.php?rest_route=%2Fwp%2Fv2%2Fcomments&post=875"}],"version-history":[{"count":48,"href":"https:\/\/bryk.com.pl\/index.php?rest_route=\/wp\/v2\/pages\/875\/revisions"}],"predecessor-version":[{"id":2668,"href":"https:\/\/bryk.com.pl\/index.php?rest_route=\/wp\/v2\/pages\/875\/revisions\/2668"}],"wp:attachment":[{"href":"https:\/\/bryk.com.pl\/index.php?rest_route=%2Fwp%2Fv2%2Fmedia&parent=875"}],"curies":[{"name":"wp","href":"https:\/\/api.w.org\/{rel}","templated":true}]}}