{"id":1118,"date":"2018-03-30T18:34:03","date_gmt":"2018-03-30T16:34:03","guid":{"rendered":"http:\/\/bryk.com.pl\/?post_type=product&#038;p=1118"},"modified":"2019-12-10T11:30:19","modified_gmt":"2019-12-10T10:30:19","slug":"1118","status":"publish","type":"product","link":"https:\/\/bryk.com.pl?product=1118","title":{"rendered":"Wiert\u0142a Nieprzelotowe"},"content":{"rendered":"","protected":false},"excerpt":{"rendered":"<p>Wiert\u0142a nieprzelotowe stosowane w wiertarkach wielowrzecionowych do wiercenia otwor\u00f3w w p\u0142ycie wi\u00f3rowej laminowanej, p\u0142ycie oklejanej innymi rodzajami dekor\u00f3w, drewnie litym, p\u0142ycie MDF, i innych materia\u0142ach drewnopochodnych.<\/p>\n<table class=\"table table-bordered extracted-data\">\n<tbody>\n<tr>\n<td>D<\/td>\n<td>L<\/td>\n<td>L1<\/td>\n<td>d<\/td>\n<td>Kod L<\/td>\n<td>Kod P<\/td>\n<\/tr>\n<tr>\n<td>3<\/td>\n<td>57<\/td>\n<td>20<\/td>\n<td>10<\/td>\n<td>14010357L<\/td>\n<td>14010357R<\/td>\n<\/tr>\n<tr>\n<td>4<\/td>\n<td>57<\/td>\n<td>20<\/td>\n<td>10<\/td>\n<td>14010457L<\/td>\n<td>14010457R<\/td>\n<\/tr>\n<tr>\n<td>5<\/td>\n<td>57<\/td>\n<td>20<\/td>\n<td>10<\/td>\n<td>14010557L<\/td>\n<td>14010557R<\/td>\n<\/tr>\n<tr>\n<td>6<\/td>\n<td>57<\/td>\n<td>20<\/td>\n<td>10<\/td>\n<td>14010657L<\/td>\n<td>14010657R<\/td>\n<\/tr>\n<tr>\n<td>7<\/td>\n<td>57<\/td>\n<td>20<\/td>\n<td>10<\/td>\n<td>14010757L<\/td>\n<td>14010757R<\/td>\n<\/tr>\n<tr>\n<td>8<\/td>\n<td>57<\/td>\n<td>20<\/td>\n<td>10<\/td>\n<td>14010857L<\/td>\n<td>14010857R<\/td>\n<\/tr>\n<tr>\n<td>10<\/td>\n<td>57<\/td>\n<td>20<\/td>\n<td>10<\/td>\n<td>14011057L<\/td>\n<td>14011057R<\/td>\n<\/tr>\n<tr>\n<td>12<\/td>\n<td>57<\/td>\n<td>20<\/td>\n<td>10<\/td>\n<td>14011257L<\/td>\n<td>14011257R<\/td>\n<\/tr>\n<tr>\n<td>15<\/td>\n<td>57<\/td>\n<td>20<\/td>\n<td>10<\/td>\n<td>14011557L<\/td>\n<td>14011557R<\/td>\n<\/tr>\n<\/tbody>\n<\/table>\n<p>&nbsp;<\/p>\n<table class=\"table table-bordered extracted-data\">\n<tbody>\n<tr>\n<td>D<\/td>\n<td>L<\/td>\n<td>L1<\/td>\n<td>d<\/td>\n<td>Kod L<\/td>\n<td>Kod P<\/td>\n<\/tr>\n<tr>\n<td>3<\/td>\n<td>70<\/td>\n<td>20<\/td>\n<td>10<\/td>\n<td>14010370L<\/td>\n<td>14010370R<\/td>\n<\/tr>\n<tr>\n<td>4<\/td>\n<td>70<\/td>\n<td>20<\/td>\n<td>10<\/td>\n<td>14010470L<\/td>\n<td>14010470R<\/td>\n<\/tr>\n<tr>\n<td>5<\/td>\n<td>70<\/td>\n<td>20<\/td>\n<td>10<\/td>\n<td>14010570L<\/td>\n<td>14010570R<\/td>\n<\/tr>\n<tr>\n<td>6<\/td>\n<td>70<\/td>\n<td>20<\/td>\n<td>10<\/td>\n<td>14010670L<\/td>\n<td>14010670R<\/td>\n<\/tr>\n<tr>\n<td>7<\/td>\n<td>70<\/td>\n<td>20<\/td>\n<td>10<\/td>\n<td>14010770L<\/td>\n<td>14010770R<\/td>\n<\/tr>\n<tr>\n<td>8<\/td>\n<td>70<\/td>\n<td>20<\/td>\n<td>10<\/td>\n<td>14010870L<\/td>\n<td>14010870R<\/td>\n<\/tr>\n<tr>\n<td>10<\/td>\n<td>70<\/td>\n<td>20<\/td>\n<td>10<\/td>\n<td>14011070L<\/td>\n<td>14011070R<\/td>\n<\/tr>\n<tr>\n<td>12<\/td>\n<td>70<\/td>\n<td>20<\/td>\n<td>10<\/td>\n<td>14011270L<\/td>\n<td>14011270R<\/td>\n<\/tr>\n<tr>\n<td>15<\/td>\n<td>70<\/td>\n<td>20<\/td>\n<td>10<\/td>\n<td>14011570L<\/td>\n<td>14011570R<\/td>\n<\/tr>\n<\/tbody>\n<\/table>\n<p><img fetchpriority=\"high\" decoding=\"async\" class=\"alignnone size-full wp-image-1588\" src=\"http:\/\/bryk.com.pl\/wp-content\/uploads\/2018\/03\/42_1.jpg\" alt=\"\" width=\"1250\" height=\"126\" srcset=\"https:\/\/bryk.com.pl\/wp-content\/uploads\/2018\/03\/42_1.jpg 1250w, https:\/\/bryk.com.pl\/wp-content\/uploads\/2018\/03\/42_1-800x81.jpg 800w, https:\/\/bryk.com.pl\/wp-content\/uploads\/2018\/03\/42_1-768x77.jpg 768w, https:\/\/bryk.com.pl\/wp-content\/uploads\/2018\/03\/42_1-830x84.jpg 830w, https:\/\/bryk.com.pl\/wp-content\/uploads\/2018\/03\/42_1-510x51.jpg 510w\" sizes=\"(max-width: 1250px) 100vw, 1250px\" \/><\/p>\n","protected":false},"featured_media":2405,"template":"","meta":[],"product_brand":[],"product_cat":[184],"product_tag":[],"class_list":{"0":"post-1118","1":"product","2":"type-product","3":"status-publish","4":"has-post-thumbnail","6":"product_cat-wiertla-nieprzelotowe","8":"first","9":"instock","10":"shipping-taxable","11":"product-type-simple"},"yoast_head":"<!-- This site is optimized with the Yoast SEO plugin v24.5 - https:\/\/yoast.com\/wordpress\/plugins\/seo\/ -->\n<title>Wiert\u0142a Nieprzelotowe - BRYK - LEAVE A PRECISE MARK<\/title>\n<meta name=\"robots\" content=\"index, follow, max-snippet:-1, max-image-preview:large, max-video-preview:-1\" \/>\n<link rel=\"canonical\" href=\"https:\/\/bryk.com.pl\/?product=1118\" \/>\n<meta property=\"og:locale\" content=\"pl_PL\" \/>\n<meta property=\"og:type\" content=\"article\" \/>\n<meta property=\"og:title\" content=\"Wiert\u0142a Nieprzelotowe - BRYK - LEAVE A PRECISE MARK\" \/>\n<meta property=\"og:description\" content=\"Wiert\u0142a nieprzelotowe stosowane w wiertarkach wielowrzecionowych do wiercenia otwor\u00f3w w p\u0142ycie wi\u00f3rowej laminowanej, p\u0142ycie oklejanej innymi rodzajami dekor\u00f3w, drewnie litym, p\u0142ycie MDF, i innych materia\u0142ach drewnopochodnych.    D L L1 d Kod L Kod P   3 57 20 10 14010357L 14010357R   4 57 20 10 14010457L 14010457R   5 57 20 10 14010557L 14010557R   6 57 20 10 14010657L 14010657R   7 57 20 10 14010757L 14010757R   8 57 20 10 14010857L 14010857R   10 57 20 10 14011057L 14011057R   12 57 20 10 14011257L 14011257R   15 57 20 10 14011557L 14011557R    &nbsp;    D L L1 d Kod L Kod P   3 70 20 10 14010370L 14010370R   4 70 20 10 14010470L 14010470R   5 70 20 10 14010570L 14010570R   6 70 20 10 14010670L 14010670R   7 70 20 10 14010770L 14010770R   8 70 20 10 14010870L 14010870R   10 70 20 10 14011070L 14011070R   12 70 20 10 14011270L 14011270R   15 70 20 10 14011570L 14011570R\" \/>\n<meta property=\"og:url\" content=\"https:\/\/bryk.com.pl\/?product=1118\" \/>\n<meta property=\"og:site_name\" content=\"BRYK - LEAVE A PRECISE MARK\" \/>\n<meta property=\"article:publisher\" content=\"https:\/\/www.facebook.com\/ppuhbryk\/\" \/>\n<meta property=\"article:modified_time\" content=\"2019-12-10T10:30:19+00:00\" \/>\n<meta property=\"og:image\" content=\"https:\/\/bryk.com.pl\/wp-content\/uploads\/2018\/03\/Wiert\u0142a_Nieprzelotowe.jpg\" \/>\n\t<meta property=\"og:image:width\" content=\"2500\" \/>\n\t<meta property=\"og:image:height\" content=\"2500\" \/>\n\t<meta property=\"og:image:type\" content=\"image\/jpeg\" \/>\n<meta name=\"twitter:card\" content=\"summary_large_image\" \/>\n<script type=\"application\/ld+json\" class=\"yoast-schema-graph\">{\"@context\":\"https:\/\/schema.org\",\"@graph\":[{\"@type\":\"WebPage\",\"@id\":\"https:\/\/bryk.com.pl\/?product=1118\",\"url\":\"https:\/\/bryk.com.pl\/?product=1118\",\"name\":\"Wiert\u0142a Nieprzelotowe - BRYK - LEAVE A PRECISE MARK\",\"isPartOf\":{\"@id\":\"https:\/\/bryk.com.pl\/#website\"},\"primaryImageOfPage\":{\"@id\":\"https:\/\/bryk.com.pl\/?product=1118#primaryimage\"},\"image\":{\"@id\":\"https:\/\/bryk.com.pl\/?product=1118#primaryimage\"},\"thumbnailUrl\":\"https:\/\/bryk.com.pl\/wp-content\/uploads\/2018\/03\/Wiert\u0142a_Nieprzelotowe.jpg\",\"datePublished\":\"2018-03-30T16:34:03+00:00\",\"dateModified\":\"2019-12-10T10:30:19+00:00\",\"breadcrumb\":{\"@id\":\"https:\/\/bryk.com.pl\/?product=1118#breadcrumb\"},\"inLanguage\":\"pl-PL\",\"potentialAction\":[{\"@type\":\"ReadAction\",\"target\":[\"https:\/\/bryk.com.pl\/?product=1118\"]}]},{\"@type\":\"ImageObject\",\"inLanguage\":\"pl-PL\",\"@id\":\"https:\/\/bryk.com.pl\/?product=1118#primaryimage\",\"url\":\"https:\/\/bryk.com.pl\/wp-content\/uploads\/2018\/03\/Wiert\u0142a_Nieprzelotowe.jpg\",\"contentUrl\":\"https:\/\/bryk.com.pl\/wp-content\/uploads\/2018\/03\/Wiert\u0142a_Nieprzelotowe.jpg\",\"width\":2500,\"height\":2500,\"caption\":\"Wiert\u0142a_Nieprzelotowe\"},{\"@type\":\"BreadcrumbList\",\"@id\":\"https:\/\/bryk.com.pl\/?product=1118#breadcrumb\",\"itemListElement\":[{\"@type\":\"ListItem\",\"position\":1,\"name\":\"Strona g\u0142\u00f3wna\",\"item\":\"https:\/\/bryk.com.pl\/\"},{\"@type\":\"ListItem\",\"position\":2,\"name\":\"Products\",\"item\":\"https:\/\/bryk.com.pl\/sklep\/\"},{\"@type\":\"ListItem\",\"position\":3,\"name\":\"Wiert\u0142a Nieprzelotowe\"}]},{\"@type\":\"WebSite\",\"@id\":\"https:\/\/bryk.com.pl\/#website\",\"url\":\"https:\/\/bryk.com.pl\/\",\"name\":\"BRYK - LEAVE A PRECISE MARK\",\"description\":\"Polski producent narz\u0119dzi\",\"potentialAction\":[{\"@type\":\"SearchAction\",\"target\":{\"@type\":\"EntryPoint\",\"urlTemplate\":\"https:\/\/bryk.com.pl\/?s={search_term_string}\"},\"query-input\":{\"@type\":\"PropertyValueSpecification\",\"valueRequired\":true,\"valueName\":\"search_term_string\"}}],\"inLanguage\":\"pl-PL\"}]}<\/script>\n<!-- \/ Yoast SEO plugin. -->","yoast_head_json":{"title":"Wiert\u0142a Nieprzelotowe - BRYK - LEAVE A PRECISE MARK","robots":{"index":"index","follow":"follow","max-snippet":"max-snippet:-1","max-image-preview":"max-image-preview:large","max-video-preview":"max-video-preview:-1"},"canonical":"https:\/\/bryk.com.pl\/?product=1118","og_locale":"pl_PL","og_type":"article","og_title":"Wiert\u0142a Nieprzelotowe - BRYK - LEAVE A PRECISE MARK","og_description":"Wiert\u0142a nieprzelotowe stosowane w wiertarkach wielowrzecionowych do wiercenia otwor\u00f3w w p\u0142ycie wi\u00f3rowej laminowanej, p\u0142ycie oklejanej innymi rodzajami dekor\u00f3w, drewnie litym, p\u0142ycie MDF, i innych materia\u0142ach drewnopochodnych.    D L L1 d Kod L Kod P   3 57 20 10 14010357L 14010357R   4 57 20 10 14010457L 14010457R   5 57 20 10 14010557L 14010557R   6 57 20 10 14010657L 14010657R   7 57 20 10 14010757L 14010757R   8 57 20 10 14010857L 14010857R   10 57 20 10 14011057L 14011057R   12 57 20 10 14011257L 14011257R   15 57 20 10 14011557L 14011557R    &nbsp;    D L L1 d Kod L Kod P   3 70 20 10 14010370L 14010370R   4 70 20 10 14010470L 14010470R   5 70 20 10 14010570L 14010570R   6 70 20 10 14010670L 14010670R   7 70 20 10 14010770L 14010770R   8 70 20 10 14010870L 14010870R   10 70 20 10 14011070L 14011070R   12 70 20 10 14011270L 14011270R   15 70 20 10 14011570L 14011570R","og_url":"https:\/\/bryk.com.pl\/?product=1118","og_site_name":"BRYK - LEAVE A PRECISE MARK","article_publisher":"https:\/\/www.facebook.com\/ppuhbryk\/","article_modified_time":"2019-12-10T10:30:19+00:00","og_image":[{"width":2500,"height":2500,"url":"https:\/\/bryk.com.pl\/wp-content\/uploads\/2018\/03\/Wiert\u0142a_Nieprzelotowe.jpg","type":"image\/jpeg"}],"twitter_card":"summary_large_image","schema":{"@context":"https:\/\/schema.org","@graph":[{"@type":"WebPage","@id":"https:\/\/bryk.com.pl\/?product=1118","url":"https:\/\/bryk.com.pl\/?product=1118","name":"Wiert\u0142a Nieprzelotowe - BRYK - LEAVE A PRECISE MARK","isPartOf":{"@id":"https:\/\/bryk.com.pl\/#website"},"primaryImageOfPage":{"@id":"https:\/\/bryk.com.pl\/?product=1118#primaryimage"},"image":{"@id":"https:\/\/bryk.com.pl\/?product=1118#primaryimage"},"thumbnailUrl":"https:\/\/bryk.com.pl\/wp-content\/uploads\/2018\/03\/Wiert\u0142a_Nieprzelotowe.jpg","datePublished":"2018-03-30T16:34:03+00:00","dateModified":"2019-12-10T10:30:19+00:00","breadcrumb":{"@id":"https:\/\/bryk.com.pl\/?product=1118#breadcrumb"},"inLanguage":"pl-PL","potentialAction":[{"@type":"ReadAction","target":["https:\/\/bryk.com.pl\/?product=1118"]}]},{"@type":"ImageObject","inLanguage":"pl-PL","@id":"https:\/\/bryk.com.pl\/?product=1118#primaryimage","url":"https:\/\/bryk.com.pl\/wp-content\/uploads\/2018\/03\/Wiert\u0142a_Nieprzelotowe.jpg","contentUrl":"https:\/\/bryk.com.pl\/wp-content\/uploads\/2018\/03\/Wiert\u0142a_Nieprzelotowe.jpg","width":2500,"height":2500,"caption":"Wiert\u0142a_Nieprzelotowe"},{"@type":"BreadcrumbList","@id":"https:\/\/bryk.com.pl\/?product=1118#breadcrumb","itemListElement":[{"@type":"ListItem","position":1,"name":"Strona g\u0142\u00f3wna","item":"https:\/\/bryk.com.pl\/"},{"@type":"ListItem","position":2,"name":"Products","item":"https:\/\/bryk.com.pl\/sklep\/"},{"@type":"ListItem","position":3,"name":"Wiert\u0142a Nieprzelotowe"}]},{"@type":"WebSite","@id":"https:\/\/bryk.com.pl\/#website","url":"https:\/\/bryk.com.pl\/","name":"BRYK - LEAVE A PRECISE MARK","description":"Polski producent narz\u0119dzi","potentialAction":[{"@type":"SearchAction","target":{"@type":"EntryPoint","urlTemplate":"https:\/\/bryk.com.pl\/?s={search_term_string}"},"query-input":{"@type":"PropertyValueSpecification","valueRequired":true,"valueName":"search_term_string"}}],"inLanguage":"pl-PL"}]}},"_links":{"self":[{"href":"https:\/\/bryk.com.pl\/index.php?rest_route=\/wp\/v2\/product\/1118","targetHints":{"allow":["GET"]}}],"collection":[{"href":"https:\/\/bryk.com.pl\/index.php?rest_route=\/wp\/v2\/product"}],"about":[{"href":"https:\/\/bryk.com.pl\/index.php?rest_route=\/wp\/v2\/types\/product"}],"wp:featuredmedia":[{"embeddable":true,"href":"https:\/\/bryk.com.pl\/index.php?rest_route=\/wp\/v2\/media\/2405"}],"wp:attachment":[{"href":"https:\/\/bryk.com.pl\/index.php?rest_route=%2Fwp%2Fv2%2Fmedia&parent=1118"}],"wp:term":[{"taxonomy":"product_brand","embeddable":true,"href":"https:\/\/bryk.com.pl\/index.php?rest_route=%2Fwp%2Fv2%2Fproduct_brand&post=1118"},{"taxonomy":"product_cat","embeddable":true,"href":"https:\/\/bryk.com.pl\/index.php?rest_route=%2Fwp%2Fv2%2Fproduct_cat&post=1118"},{"taxonomy":"product_tag","embeddable":true,"href":"https:\/\/bryk.com.pl\/index.php?rest_route=%2Fwp%2Fv2%2Fproduct_tag&post=1118"}],"curies":[{"name":"wp","href":"https:\/\/api.w.org\/{rel}","templated":true}]}}