{"id":1170,"date":"2018-03-30T20:35:32","date_gmt":"2018-03-30T18:35:32","guid":{"rendered":"http:\/\/bryk.com.pl\/?post_type=product&#038;p=1170"},"modified":"2019-12-10T10:32:56","modified_gmt":"2019-12-10T09:32:56","slug":"1170","status":"publish","type":"product","link":"https:\/\/bryk.com.pl?product=1170","title":{"rendered":"Specjalne narz\u0119dzia profilowe"},"content":{"rendered":"","protected":false},"excerpt":{"rendered":"<p>Pe\u0142now\u0119glikowe narz\u0119dzia profilowe to narz\u0119dzia wykonywane na specjalne zam\u00f3wienia klient\u00f3w.<br \/>\nNarz\u0119dzia opracowywane s\u0105 na podstawie dostarczonych rysunk\u00f3w detali b\u0105d\u017a szkic\u00f3w. Na bazie tego powstaj\u0105 pierwsze propozycje narz\u0119dzi, kt\u00f3re po pozytywnej akceptacji klienta trafiaj\u0105 do produkcji. Dysponujemy wykwalifikowana kadra in\u017cynier\u00f3w, dost\u0119pem do zaawansowanych program\u00f3w CAD\/CAM oraz specjalistycznym parkiem maszynowym. Dzi\u0119ki temu mamy mo\u017cliwo\u015b\u0107 bardzo szybko odpowiedzie\u0107 na zapytanie dotycz\u0105ce narz\u0119dzi specjalnych.<\/p>\n","protected":false},"featured_media":2603,"template":"","meta":[],"product_brand":[],"product_cat":[197],"product_tag":[],"class_list":{"0":"post-1170","1":"product","2":"type-product","3":"status-publish","4":"has-post-thumbnail","6":"product_cat-narzedzia-do-stali","8":"first","9":"instock","10":"shipping-taxable","11":"product-type-simple"},"yoast_head":"<!-- This site is optimized with the Yoast SEO plugin v24.5 - https:\/\/yoast.com\/wordpress\/plugins\/seo\/ -->\n<title>Specjalne narz\u0119dzia profilowe - BRYK - LEAVE A PRECISE MARK<\/title>\n<meta name=\"robots\" content=\"index, follow, max-snippet:-1, max-image-preview:large, max-video-preview:-1\" \/>\n<link rel=\"canonical\" href=\"https:\/\/bryk.com.pl\/?product=1170\" \/>\n<meta property=\"og:locale\" content=\"pl_PL\" \/>\n<meta property=\"og:type\" content=\"article\" \/>\n<meta property=\"og:title\" content=\"Specjalne narz\u0119dzia profilowe - BRYK - LEAVE A PRECISE MARK\" \/>\n<meta property=\"og:description\" content=\"Pe\u0142now\u0119glikowe narz\u0119dzia profilowe to narz\u0119dzia wykonywane na specjalne zam\u00f3wienia klient\u00f3w. Narz\u0119dzia opracowywane s\u0105 na podstawie dostarczonych rysunk\u00f3w detali b\u0105d\u017a szkic\u00f3w. Na bazie tego powstaj\u0105 pierwsze propozycje narz\u0119dzi, kt\u00f3re po pozytywnej akceptacji klienta trafiaj\u0105 do produkcji. Dysponujemy wykwalifikowana kadra in\u017cynier\u00f3w, dost\u0119pem do zaawansowanych program\u00f3w CAD\/CAM oraz specjalistycznym parkiem maszynowym. Dzi\u0119ki temu mamy mo\u017cliwo\u015b\u0107 bardzo szybko odpowiedzie\u0107 na zapytanie dotycz\u0105ce narz\u0119dzi specjalnych.\" \/>\n<meta property=\"og:url\" content=\"https:\/\/bryk.com.pl\/?product=1170\" \/>\n<meta property=\"og:site_name\" content=\"BRYK - LEAVE A PRECISE MARK\" \/>\n<meta property=\"article:publisher\" content=\"https:\/\/www.facebook.com\/ppuhbryk\/\" \/>\n<meta property=\"article:modified_time\" content=\"2019-12-10T09:32:56+00:00\" \/>\n<meta property=\"og:image\" content=\"https:\/\/bryk.com.pl\/wp-content\/uploads\/2018\/03\/PMK_narzedzie_profilowe_01.jpg\" \/>\n\t<meta property=\"og:image:width\" content=\"2500\" \/>\n\t<meta property=\"og:image:height\" content=\"2500\" \/>\n\t<meta property=\"og:image:type\" content=\"image\/jpeg\" \/>\n<meta name=\"twitter:card\" content=\"summary_large_image\" \/>\n<script type=\"application\/ld+json\" class=\"yoast-schema-graph\">{\"@context\":\"https:\/\/schema.org\",\"@graph\":[{\"@type\":\"WebPage\",\"@id\":\"https:\/\/bryk.com.pl\/?product=1170\",\"url\":\"https:\/\/bryk.com.pl\/?product=1170\",\"name\":\"Specjalne narz\u0119dzia profilowe - BRYK - LEAVE A PRECISE MARK\",\"isPartOf\":{\"@id\":\"https:\/\/bryk.com.pl\/#website\"},\"primaryImageOfPage\":{\"@id\":\"https:\/\/bryk.com.pl\/?product=1170#primaryimage\"},\"image\":{\"@id\":\"https:\/\/bryk.com.pl\/?product=1170#primaryimage\"},\"thumbnailUrl\":\"https:\/\/bryk.com.pl\/wp-content\/uploads\/2018\/03\/PMK_narzedzie_profilowe_01.jpg\",\"datePublished\":\"2018-03-30T18:35:32+00:00\",\"dateModified\":\"2019-12-10T09:32:56+00:00\",\"breadcrumb\":{\"@id\":\"https:\/\/bryk.com.pl\/?product=1170#breadcrumb\"},\"inLanguage\":\"pl-PL\",\"potentialAction\":[{\"@type\":\"ReadAction\",\"target\":[\"https:\/\/bryk.com.pl\/?product=1170\"]}]},{\"@type\":\"ImageObject\",\"inLanguage\":\"pl-PL\",\"@id\":\"https:\/\/bryk.com.pl\/?product=1170#primaryimage\",\"url\":\"https:\/\/bryk.com.pl\/wp-content\/uploads\/2018\/03\/PMK_narzedzie_profilowe_01.jpg\",\"contentUrl\":\"https:\/\/bryk.com.pl\/wp-content\/uploads\/2018\/03\/PMK_narzedzie_profilowe_01.jpg\",\"width\":2500,\"height\":2500,\"caption\":\"PMK_narzedzie_profilowe_01\"},{\"@type\":\"BreadcrumbList\",\"@id\":\"https:\/\/bryk.com.pl\/?product=1170#breadcrumb\",\"itemListElement\":[{\"@type\":\"ListItem\",\"position\":1,\"name\":\"Strona g\u0142\u00f3wna\",\"item\":\"https:\/\/bryk.com.pl\/\"},{\"@type\":\"ListItem\",\"position\":2,\"name\":\"Products\",\"item\":\"https:\/\/bryk.com.pl\/sklep\/\"},{\"@type\":\"ListItem\",\"position\":3,\"name\":\"Specjalne narz\u0119dzia profilowe\"}]},{\"@type\":\"WebSite\",\"@id\":\"https:\/\/bryk.com.pl\/#website\",\"url\":\"https:\/\/bryk.com.pl\/\",\"name\":\"BRYK - LEAVE A PRECISE MARK\",\"description\":\"Polski producent narz\u0119dzi\",\"potentialAction\":[{\"@type\":\"SearchAction\",\"target\":{\"@type\":\"EntryPoint\",\"urlTemplate\":\"https:\/\/bryk.com.pl\/?s={search_term_string}\"},\"query-input\":{\"@type\":\"PropertyValueSpecification\",\"valueRequired\":true,\"valueName\":\"search_term_string\"}}],\"inLanguage\":\"pl-PL\"}]}<\/script>\n<!-- \/ Yoast SEO plugin. -->","yoast_head_json":{"title":"Specjalne narz\u0119dzia profilowe - BRYK - LEAVE A PRECISE MARK","robots":{"index":"index","follow":"follow","max-snippet":"max-snippet:-1","max-image-preview":"max-image-preview:large","max-video-preview":"max-video-preview:-1"},"canonical":"https:\/\/bryk.com.pl\/?product=1170","og_locale":"pl_PL","og_type":"article","og_title":"Specjalne narz\u0119dzia profilowe - BRYK - LEAVE A PRECISE MARK","og_description":"Pe\u0142now\u0119glikowe narz\u0119dzia profilowe to narz\u0119dzia wykonywane na specjalne zam\u00f3wienia klient\u00f3w. Narz\u0119dzia opracowywane s\u0105 na podstawie dostarczonych rysunk\u00f3w detali b\u0105d\u017a szkic\u00f3w. Na bazie tego powstaj\u0105 pierwsze propozycje narz\u0119dzi, kt\u00f3re po pozytywnej akceptacji klienta trafiaj\u0105 do produkcji. Dysponujemy wykwalifikowana kadra in\u017cynier\u00f3w, dost\u0119pem do zaawansowanych program\u00f3w CAD\/CAM oraz specjalistycznym parkiem maszynowym. Dzi\u0119ki temu mamy mo\u017cliwo\u015b\u0107 bardzo szybko odpowiedzie\u0107 na zapytanie dotycz\u0105ce narz\u0119dzi specjalnych.","og_url":"https:\/\/bryk.com.pl\/?product=1170","og_site_name":"BRYK - LEAVE A PRECISE MARK","article_publisher":"https:\/\/www.facebook.com\/ppuhbryk\/","article_modified_time":"2019-12-10T09:32:56+00:00","og_image":[{"width":2500,"height":2500,"url":"https:\/\/bryk.com.pl\/wp-content\/uploads\/2018\/03\/PMK_narzedzie_profilowe_01.jpg","type":"image\/jpeg"}],"twitter_card":"summary_large_image","schema":{"@context":"https:\/\/schema.org","@graph":[{"@type":"WebPage","@id":"https:\/\/bryk.com.pl\/?product=1170","url":"https:\/\/bryk.com.pl\/?product=1170","name":"Specjalne narz\u0119dzia profilowe - BRYK - LEAVE A PRECISE MARK","isPartOf":{"@id":"https:\/\/bryk.com.pl\/#website"},"primaryImageOfPage":{"@id":"https:\/\/bryk.com.pl\/?product=1170#primaryimage"},"image":{"@id":"https:\/\/bryk.com.pl\/?product=1170#primaryimage"},"thumbnailUrl":"https:\/\/bryk.com.pl\/wp-content\/uploads\/2018\/03\/PMK_narzedzie_profilowe_01.jpg","datePublished":"2018-03-30T18:35:32+00:00","dateModified":"2019-12-10T09:32:56+00:00","breadcrumb":{"@id":"https:\/\/bryk.com.pl\/?product=1170#breadcrumb"},"inLanguage":"pl-PL","potentialAction":[{"@type":"ReadAction","target":["https:\/\/bryk.com.pl\/?product=1170"]}]},{"@type":"ImageObject","inLanguage":"pl-PL","@id":"https:\/\/bryk.com.pl\/?product=1170#primaryimage","url":"https:\/\/bryk.com.pl\/wp-content\/uploads\/2018\/03\/PMK_narzedzie_profilowe_01.jpg","contentUrl":"https:\/\/bryk.com.pl\/wp-content\/uploads\/2018\/03\/PMK_narzedzie_profilowe_01.jpg","width":2500,"height":2500,"caption":"PMK_narzedzie_profilowe_01"},{"@type":"BreadcrumbList","@id":"https:\/\/bryk.com.pl\/?product=1170#breadcrumb","itemListElement":[{"@type":"ListItem","position":1,"name":"Strona g\u0142\u00f3wna","item":"https:\/\/bryk.com.pl\/"},{"@type":"ListItem","position":2,"name":"Products","item":"https:\/\/bryk.com.pl\/sklep\/"},{"@type":"ListItem","position":3,"name":"Specjalne narz\u0119dzia profilowe"}]},{"@type":"WebSite","@id":"https:\/\/bryk.com.pl\/#website","url":"https:\/\/bryk.com.pl\/","name":"BRYK - LEAVE A PRECISE MARK","description":"Polski producent narz\u0119dzi","potentialAction":[{"@type":"SearchAction","target":{"@type":"EntryPoint","urlTemplate":"https:\/\/bryk.com.pl\/?s={search_term_string}"},"query-input":{"@type":"PropertyValueSpecification","valueRequired":true,"valueName":"search_term_string"}}],"inLanguage":"pl-PL"}]}},"_links":{"self":[{"href":"https:\/\/bryk.com.pl\/index.php?rest_route=\/wp\/v2\/product\/1170","targetHints":{"allow":["GET"]}}],"collection":[{"href":"https:\/\/bryk.com.pl\/index.php?rest_route=\/wp\/v2\/product"}],"about":[{"href":"https:\/\/bryk.com.pl\/index.php?rest_route=\/wp\/v2\/types\/product"}],"wp:featuredmedia":[{"embeddable":true,"href":"https:\/\/bryk.com.pl\/index.php?rest_route=\/wp\/v2\/media\/2603"}],"wp:attachment":[{"href":"https:\/\/bryk.com.pl\/index.php?rest_route=%2Fwp%2Fv2%2Fmedia&parent=1170"}],"wp:term":[{"taxonomy":"product_brand","embeddable":true,"href":"https:\/\/bryk.com.pl\/index.php?rest_route=%2Fwp%2Fv2%2Fproduct_brand&post=1170"},{"taxonomy":"product_cat","embeddable":true,"href":"https:\/\/bryk.com.pl\/index.php?rest_route=%2Fwp%2Fv2%2Fproduct_cat&post=1170"},{"taxonomy":"product_tag","embeddable":true,"href":"https:\/\/bryk.com.pl\/index.php?rest_route=%2Fwp%2Fv2%2Fproduct_tag&post=1170"}],"curies":[{"name":"wp","href":"https:\/\/api.w.org\/{rel}","templated":true}]}}