{"id":1177,"date":"2018-03-30T20:39:47","date_gmt":"2018-03-30T18:39:47","guid":{"rendered":"http:\/\/bryk.com.pl\/?post_type=product&#038;p=1177"},"modified":"2019-12-10T10:31:44","modified_gmt":"2019-12-10T09:31:44","slug":"1177","status":"publish","type":"product","link":"https:\/\/bryk.com.pl?product=1177","title":{"rendered":"P\u0142ytki wymienne PCD, PCBN i VHM"},"content":{"rendered":"","protected":false},"excerpt":{"rendered":"<p>W ofercie naszej firmy znale\u017a\u0107 mo\u017cna ca\u0142\u0105 gam\u0119 wymiennych p\u0142ytek skrawaj\u0105cych w oparciu o kodyfikacje ISO. W zale\u017cno\u015bci od aplikacji, s\u0105 to p\u0142ytki z wlutowanym okruchem diamentowym, borazonowym b\u0105d\u017a standardowe p\u0142ytki pe\u0142now\u0119glikowe. Opr\u00f3cz p\u0142ytek kodyfikowanych wykonujemy p\u0142ytki specjalne, profilowe w oparciu o indywidualne zapytania klient\u00f3w.<\/p>\n","protected":false},"featured_media":2523,"template":"","meta":[],"product_brand":[],"product_cat":[88],"product_tag":[],"class_list":{"0":"post-1177","1":"product","2":"type-product","3":"status-publish","4":"has-post-thumbnail","6":"product_cat-plytki-wymienne-pcd-pcbn-i-vhm-advanced-techtools","8":"first","9":"instock","10":"shipping-taxable","11":"product-type-simple"},"yoast_head":"<!-- This site is optimized with the Yoast SEO plugin v24.5 - https:\/\/yoast.com\/wordpress\/plugins\/seo\/ -->\n<title>P\u0142ytki wymienne PCD, PCBN i VHM - BRYK - LEAVE A PRECISE MARK<\/title>\n<meta name=\"robots\" content=\"index, follow, max-snippet:-1, max-image-preview:large, max-video-preview:-1\" \/>\n<link rel=\"canonical\" href=\"https:\/\/bryk.com.pl\/?product=1177\" \/>\n<meta property=\"og:locale\" content=\"pl_PL\" \/>\n<meta property=\"og:type\" content=\"article\" \/>\n<meta property=\"og:title\" content=\"P\u0142ytki wymienne PCD, PCBN i VHM - BRYK - LEAVE A PRECISE MARK\" \/>\n<meta property=\"og:description\" content=\"W ofercie naszej firmy znale\u017a\u0107 mo\u017cna ca\u0142\u0105 gam\u0119 wymiennych p\u0142ytek skrawaj\u0105cych w oparciu o kodyfikacje ISO. W zale\u017cno\u015bci od aplikacji, s\u0105 to p\u0142ytki z wlutowanym okruchem diamentowym, borazonowym b\u0105d\u017a standardowe p\u0142ytki pe\u0142now\u0119glikowe. Opr\u00f3cz p\u0142ytek kodyfikowanych wykonujemy p\u0142ytki specjalne, profilowe w oparciu o indywidualne zapytania klient\u00f3w.\" \/>\n<meta property=\"og:url\" content=\"https:\/\/bryk.com.pl\/?product=1177\" \/>\n<meta property=\"og:site_name\" content=\"BRYK - LEAVE A PRECISE MARK\" \/>\n<meta property=\"article:publisher\" content=\"https:\/\/www.facebook.com\/ppuhbryk\/\" \/>\n<meta property=\"article:modified_time\" content=\"2019-12-10T09:31:44+00:00\" \/>\n<meta property=\"og:image\" content=\"https:\/\/bryk.com.pl\/wp-content\/uploads\/2018\/03\/PLYTKI_WYMIENNE_PCD_PCBN_VHM.jpg\" \/>\n\t<meta property=\"og:image:width\" content=\"2500\" \/>\n\t<meta property=\"og:image:height\" content=\"2500\" \/>\n\t<meta property=\"og:image:type\" content=\"image\/jpeg\" \/>\n<meta name=\"twitter:card\" content=\"summary_large_image\" \/>\n<script type=\"application\/ld+json\" class=\"yoast-schema-graph\">{\"@context\":\"https:\/\/schema.org\",\"@graph\":[{\"@type\":\"WebPage\",\"@id\":\"https:\/\/bryk.com.pl\/?product=1177\",\"url\":\"https:\/\/bryk.com.pl\/?product=1177\",\"name\":\"P\u0142ytki wymienne PCD, PCBN i VHM - BRYK - LEAVE A PRECISE MARK\",\"isPartOf\":{\"@id\":\"https:\/\/bryk.com.pl\/#website\"},\"primaryImageOfPage\":{\"@id\":\"https:\/\/bryk.com.pl\/?product=1177#primaryimage\"},\"image\":{\"@id\":\"https:\/\/bryk.com.pl\/?product=1177#primaryimage\"},\"thumbnailUrl\":\"https:\/\/bryk.com.pl\/wp-content\/uploads\/2018\/03\/PLYTKI_WYMIENNE_PCD_PCBN_VHM.jpg\",\"datePublished\":\"2018-03-30T18:39:47+00:00\",\"dateModified\":\"2019-12-10T09:31:44+00:00\",\"breadcrumb\":{\"@id\":\"https:\/\/bryk.com.pl\/?product=1177#breadcrumb\"},\"inLanguage\":\"pl-PL\",\"potentialAction\":[{\"@type\":\"ReadAction\",\"target\":[\"https:\/\/bryk.com.pl\/?product=1177\"]}]},{\"@type\":\"ImageObject\",\"inLanguage\":\"pl-PL\",\"@id\":\"https:\/\/bryk.com.pl\/?product=1177#primaryimage\",\"url\":\"https:\/\/bryk.com.pl\/wp-content\/uploads\/2018\/03\/PLYTKI_WYMIENNE_PCD_PCBN_VHM.jpg\",\"contentUrl\":\"https:\/\/bryk.com.pl\/wp-content\/uploads\/2018\/03\/PLYTKI_WYMIENNE_PCD_PCBN_VHM.jpg\",\"width\":2500,\"height\":2500,\"caption\":\"PLYTKI_WYMIENNE_PCD_PCBN_VHM\"},{\"@type\":\"BreadcrumbList\",\"@id\":\"https:\/\/bryk.com.pl\/?product=1177#breadcrumb\",\"itemListElement\":[{\"@type\":\"ListItem\",\"position\":1,\"name\":\"Strona g\u0142\u00f3wna\",\"item\":\"https:\/\/bryk.com.pl\/\"},{\"@type\":\"ListItem\",\"position\":2,\"name\":\"Products\",\"item\":\"https:\/\/bryk.com.pl\/sklep\/\"},{\"@type\":\"ListItem\",\"position\":3,\"name\":\"P\u0142ytki wymienne PCD, PCBN i VHM\"}]},{\"@type\":\"WebSite\",\"@id\":\"https:\/\/bryk.com.pl\/#website\",\"url\":\"https:\/\/bryk.com.pl\/\",\"name\":\"BRYK - LEAVE A PRECISE MARK\",\"description\":\"Polski producent narz\u0119dzi\",\"potentialAction\":[{\"@type\":\"SearchAction\",\"target\":{\"@type\":\"EntryPoint\",\"urlTemplate\":\"https:\/\/bryk.com.pl\/?s={search_term_string}\"},\"query-input\":{\"@type\":\"PropertyValueSpecification\",\"valueRequired\":true,\"valueName\":\"search_term_string\"}}],\"inLanguage\":\"pl-PL\"}]}<\/script>\n<!-- \/ Yoast SEO plugin. -->","yoast_head_json":{"title":"P\u0142ytki wymienne PCD, PCBN i VHM - BRYK - LEAVE A PRECISE MARK","robots":{"index":"index","follow":"follow","max-snippet":"max-snippet:-1","max-image-preview":"max-image-preview:large","max-video-preview":"max-video-preview:-1"},"canonical":"https:\/\/bryk.com.pl\/?product=1177","og_locale":"pl_PL","og_type":"article","og_title":"P\u0142ytki wymienne PCD, PCBN i VHM - BRYK - LEAVE A PRECISE MARK","og_description":"W ofercie naszej firmy znale\u017a\u0107 mo\u017cna ca\u0142\u0105 gam\u0119 wymiennych p\u0142ytek skrawaj\u0105cych w oparciu o kodyfikacje ISO. W zale\u017cno\u015bci od aplikacji, s\u0105 to p\u0142ytki z wlutowanym okruchem diamentowym, borazonowym b\u0105d\u017a standardowe p\u0142ytki pe\u0142now\u0119glikowe. Opr\u00f3cz p\u0142ytek kodyfikowanych wykonujemy p\u0142ytki specjalne, profilowe w oparciu o indywidualne zapytania klient\u00f3w.","og_url":"https:\/\/bryk.com.pl\/?product=1177","og_site_name":"BRYK - LEAVE A PRECISE MARK","article_publisher":"https:\/\/www.facebook.com\/ppuhbryk\/","article_modified_time":"2019-12-10T09:31:44+00:00","og_image":[{"width":2500,"height":2500,"url":"https:\/\/bryk.com.pl\/wp-content\/uploads\/2018\/03\/PLYTKI_WYMIENNE_PCD_PCBN_VHM.jpg","type":"image\/jpeg"}],"twitter_card":"summary_large_image","schema":{"@context":"https:\/\/schema.org","@graph":[{"@type":"WebPage","@id":"https:\/\/bryk.com.pl\/?product=1177","url":"https:\/\/bryk.com.pl\/?product=1177","name":"P\u0142ytki wymienne PCD, PCBN i VHM - BRYK - LEAVE A PRECISE MARK","isPartOf":{"@id":"https:\/\/bryk.com.pl\/#website"},"primaryImageOfPage":{"@id":"https:\/\/bryk.com.pl\/?product=1177#primaryimage"},"image":{"@id":"https:\/\/bryk.com.pl\/?product=1177#primaryimage"},"thumbnailUrl":"https:\/\/bryk.com.pl\/wp-content\/uploads\/2018\/03\/PLYTKI_WYMIENNE_PCD_PCBN_VHM.jpg","datePublished":"2018-03-30T18:39:47+00:00","dateModified":"2019-12-10T09:31:44+00:00","breadcrumb":{"@id":"https:\/\/bryk.com.pl\/?product=1177#breadcrumb"},"inLanguage":"pl-PL","potentialAction":[{"@type":"ReadAction","target":["https:\/\/bryk.com.pl\/?product=1177"]}]},{"@type":"ImageObject","inLanguage":"pl-PL","@id":"https:\/\/bryk.com.pl\/?product=1177#primaryimage","url":"https:\/\/bryk.com.pl\/wp-content\/uploads\/2018\/03\/PLYTKI_WYMIENNE_PCD_PCBN_VHM.jpg","contentUrl":"https:\/\/bryk.com.pl\/wp-content\/uploads\/2018\/03\/PLYTKI_WYMIENNE_PCD_PCBN_VHM.jpg","width":2500,"height":2500,"caption":"PLYTKI_WYMIENNE_PCD_PCBN_VHM"},{"@type":"BreadcrumbList","@id":"https:\/\/bryk.com.pl\/?product=1177#breadcrumb","itemListElement":[{"@type":"ListItem","position":1,"name":"Strona g\u0142\u00f3wna","item":"https:\/\/bryk.com.pl\/"},{"@type":"ListItem","position":2,"name":"Products","item":"https:\/\/bryk.com.pl\/sklep\/"},{"@type":"ListItem","position":3,"name":"P\u0142ytki wymienne PCD, PCBN i VHM"}]},{"@type":"WebSite","@id":"https:\/\/bryk.com.pl\/#website","url":"https:\/\/bryk.com.pl\/","name":"BRYK - LEAVE A PRECISE MARK","description":"Polski producent narz\u0119dzi","potentialAction":[{"@type":"SearchAction","target":{"@type":"EntryPoint","urlTemplate":"https:\/\/bryk.com.pl\/?s={search_term_string}"},"query-input":{"@type":"PropertyValueSpecification","valueRequired":true,"valueName":"search_term_string"}}],"inLanguage":"pl-PL"}]}},"_links":{"self":[{"href":"https:\/\/bryk.com.pl\/index.php?rest_route=\/wp\/v2\/product\/1177","targetHints":{"allow":["GET"]}}],"collection":[{"href":"https:\/\/bryk.com.pl\/index.php?rest_route=\/wp\/v2\/product"}],"about":[{"href":"https:\/\/bryk.com.pl\/index.php?rest_route=\/wp\/v2\/types\/product"}],"wp:featuredmedia":[{"embeddable":true,"href":"https:\/\/bryk.com.pl\/index.php?rest_route=\/wp\/v2\/media\/2523"}],"wp:attachment":[{"href":"https:\/\/bryk.com.pl\/index.php?rest_route=%2Fwp%2Fv2%2Fmedia&parent=1177"}],"wp:term":[{"taxonomy":"product_brand","embeddable":true,"href":"https:\/\/bryk.com.pl\/index.php?rest_route=%2Fwp%2Fv2%2Fproduct_brand&post=1177"},{"taxonomy":"product_cat","embeddable":true,"href":"https:\/\/bryk.com.pl\/index.php?rest_route=%2Fwp%2Fv2%2Fproduct_cat&post=1177"},{"taxonomy":"product_tag","embeddable":true,"href":"https:\/\/bryk.com.pl\/index.php?rest_route=%2Fwp%2Fv2%2Fproduct_tag&post=1177"}],"curies":[{"name":"wp","href":"https:\/\/api.w.org\/{rel}","templated":true}]}}