{"id":1316,"date":"2018-04-03T19:52:09","date_gmt":"2018-04-03T17:52:09","guid":{"rendered":"http:\/\/bryk.com.pl\/?post_type=product&#038;p=1316"},"modified":"2019-12-10T10:29:28","modified_gmt":"2019-12-10T09:29:28","slug":"1316","status":"publish","type":"product","link":"https:\/\/bryk.com.pl?product=1316","title":{"rendered":"Frezy Nasadzane LITE"},"content":{"rendered":"","protected":false},"excerpt":{"rendered":"<p>Frezy nasadzane stosowane w procesach jednostronnego formatowania p\u0142yty wi\u00f3rowej laminowanej, p\u0142yty oklejanej innymi rodzajami dekor\u00f3w, p\u0142yty MDF i innych materia\u0142\u00f3w drewnopochodnych.<br \/>\nOptymalnie dobrane katy ostrzy zapewniaj\u0105 wysoka jako\u015b\u0107 obr\u00f3bki oraz bardzo d\u0142uga \u017cywotno\u015b\u0107.<\/p>\n<table class=\"table table-bordered extracted-data\">\n<tbody>\n<tr>\n<td>D<\/td>\n<td>B max<\/td>\n<td>b min<\/td>\n<td>d<\/td>\n<td>Z<\/td>\n<td>Kod<\/td>\n<\/tr>\n<tr>\n<td>100<\/td>\n<td>36<\/td>\n<td>38<\/td>\n<td>30<\/td>\n<td>3+3<\/td>\n<td>NPL100163003<\/td>\n<\/tr>\n<tr>\n<td>125<\/td>\n<td>36<\/td>\n<td>38<\/td>\n<td>30<\/td>\n<td>3+3<\/td>\n<td>NPL125123008<\/td>\n<\/tr>\n<tr>\n<td>125<\/td>\n<td>44<\/td>\n<td>48<\/td>\n<td>30<\/td>\n<td>3+3<\/td>\n<td>NPL125123007<\/td>\n<\/tr>\n<tr>\n<td>125<\/td>\n<td>26<\/td>\n<td>30<\/td>\n<td>30<\/td>\n<td>6+6<\/td>\n<td>NPL125243004<\/td>\n<\/tr>\n<tr>\n<td>125<\/td>\n<td>36<\/td>\n<td>38<\/td>\n<td>30<\/td>\n<td>6+6<\/td>\n<td>NPL125243001<\/td>\n<\/tr>\n<tr>\n<td>127<\/td>\n<td>32<\/td>\n<td>36<\/td>\n<td>30<\/td>\n<td>6+6<\/td>\n<td>NPL127243004<\/td>\n<\/tr>\n<tr>\n<td>150<\/td>\n<td>36<\/td>\n<td>38<\/td>\n<td>30<\/td>\n<td>6+6<\/td>\n<td>NPL150243001<\/td>\n<\/tr>\n<tr>\n<td>150<\/td>\n<td>40<\/td>\n<td>42<\/td>\n<td>130<\/td>\n<td>6+6<\/td>\n<td>NPL125243002<\/td>\n<\/tr>\n<\/tbody>\n<\/table>\n<p><img fetchpriority=\"high\" decoding=\"async\" class=\"alignnone size-full wp-image-1564\" src=\"http:\/\/bryk.com.pl\/wp-content\/uploads\/2018\/04\/16_1.jpg\" alt=\"\" width=\"1250\" height=\"258\" srcset=\"https:\/\/bryk.com.pl\/wp-content\/uploads\/2018\/04\/16_1.jpg 1250w, https:\/\/bryk.com.pl\/wp-content\/uploads\/2018\/04\/16_1-800x165.jpg 800w, https:\/\/bryk.com.pl\/wp-content\/uploads\/2018\/04\/16_1-768x159.jpg 768w, https:\/\/bryk.com.pl\/wp-content\/uploads\/2018\/04\/16_1-830x171.jpg 830w, https:\/\/bryk.com.pl\/wp-content\/uploads\/2018\/04\/16_1-510x105.jpg 510w\" sizes=\"(max-width: 1250px) 100vw, 1250px\" \/><\/p>\n","protected":false},"featured_media":2355,"template":"","meta":[],"product_brand":[],"product_cat":[73],"product_tag":[],"class_list":{"0":"post-1316","1":"product","2":"type-product","3":"status-publish","4":"has-post-thumbnail","6":"product_cat-frezy-nasadzane","8":"first","9":"instock","10":"shipping-taxable","11":"product-type-simple"},"yoast_head":"<!-- This site is optimized with the Yoast SEO plugin v24.5 - https:\/\/yoast.com\/wordpress\/plugins\/seo\/ -->\n<title>Frezy Nasadzane LITE - BRYK - LEAVE A PRECISE MARK<\/title>\n<meta name=\"robots\" content=\"index, follow, max-snippet:-1, max-image-preview:large, max-video-preview:-1\" \/>\n<link rel=\"canonical\" href=\"https:\/\/bryk.com.pl\/?product=1316\" \/>\n<meta property=\"og:locale\" content=\"pl_PL\" \/>\n<meta property=\"og:type\" content=\"article\" \/>\n<meta property=\"og:title\" content=\"Frezy Nasadzane LITE - BRYK - LEAVE A PRECISE MARK\" \/>\n<meta property=\"og:description\" content=\"Frezy nasadzane stosowane w procesach jednostronnego formatowania p\u0142yty wi\u00f3rowej laminowanej, p\u0142yty oklejanej innymi rodzajami dekor\u00f3w, p\u0142yty MDF i innych materia\u0142\u00f3w drewnopochodnych. Optymalnie dobrane katy ostrzy zapewniaj\u0105 wysoka jako\u015b\u0107 obr\u00f3bki oraz bardzo d\u0142uga \u017cywotno\u015b\u0107.    D B max b min d Z Kod   100 36 38 30 3+3 NPL100163003   125 36 38 30 3+3 NPL125123008   125 44 48 30 3+3 NPL125123007   125 26 30 30 6+6 NPL125243004   125 36 38 30 6+6 NPL125243001   127 32 36 30 6+6 NPL127243004   150 36 38 30 6+6 NPL150243001   150 40 42 130 6+6 NPL125243002\" \/>\n<meta property=\"og:url\" content=\"https:\/\/bryk.com.pl\/?product=1316\" \/>\n<meta property=\"og:site_name\" content=\"BRYK - LEAVE A PRECISE MARK\" \/>\n<meta property=\"article:publisher\" content=\"https:\/\/www.facebook.com\/ppuhbryk\/\" \/>\n<meta property=\"article:modified_time\" content=\"2019-12-10T09:29:28+00:00\" \/>\n<meta property=\"og:image\" content=\"https:\/\/bryk.com.pl\/wp-content\/uploads\/2018\/04\/FrezyNasadzaneLITE.jpg\" \/>\n\t<meta property=\"og:image:width\" content=\"2500\" \/>\n\t<meta property=\"og:image:height\" content=\"2500\" \/>\n\t<meta property=\"og:image:type\" content=\"image\/jpeg\" \/>\n<meta name=\"twitter:card\" content=\"summary_large_image\" \/>\n<script type=\"application\/ld+json\" class=\"yoast-schema-graph\">{\"@context\":\"https:\/\/schema.org\",\"@graph\":[{\"@type\":\"WebPage\",\"@id\":\"https:\/\/bryk.com.pl\/?product=1316\",\"url\":\"https:\/\/bryk.com.pl\/?product=1316\",\"name\":\"Frezy Nasadzane LITE - BRYK - LEAVE A PRECISE MARK\",\"isPartOf\":{\"@id\":\"https:\/\/bryk.com.pl\/#website\"},\"primaryImageOfPage\":{\"@id\":\"https:\/\/bryk.com.pl\/?product=1316#primaryimage\"},\"image\":{\"@id\":\"https:\/\/bryk.com.pl\/?product=1316#primaryimage\"},\"thumbnailUrl\":\"https:\/\/bryk.com.pl\/wp-content\/uploads\/2018\/04\/FrezyNasadzaneLITE.jpg\",\"datePublished\":\"2018-04-03T17:52:09+00:00\",\"dateModified\":\"2019-12-10T09:29:28+00:00\",\"breadcrumb\":{\"@id\":\"https:\/\/bryk.com.pl\/?product=1316#breadcrumb\"},\"inLanguage\":\"pl-PL\",\"potentialAction\":[{\"@type\":\"ReadAction\",\"target\":[\"https:\/\/bryk.com.pl\/?product=1316\"]}]},{\"@type\":\"ImageObject\",\"inLanguage\":\"pl-PL\",\"@id\":\"https:\/\/bryk.com.pl\/?product=1316#primaryimage\",\"url\":\"https:\/\/bryk.com.pl\/wp-content\/uploads\/2018\/04\/FrezyNasadzaneLITE.jpg\",\"contentUrl\":\"https:\/\/bryk.com.pl\/wp-content\/uploads\/2018\/04\/FrezyNasadzaneLITE.jpg\",\"width\":2500,\"height\":2500,\"caption\":\"FrezyNasadzaneLITE\"},{\"@type\":\"BreadcrumbList\",\"@id\":\"https:\/\/bryk.com.pl\/?product=1316#breadcrumb\",\"itemListElement\":[{\"@type\":\"ListItem\",\"position\":1,\"name\":\"Strona g\u0142\u00f3wna\",\"item\":\"https:\/\/bryk.com.pl\/\"},{\"@type\":\"ListItem\",\"position\":2,\"name\":\"Products\",\"item\":\"https:\/\/bryk.com.pl\/sklep\/\"},{\"@type\":\"ListItem\",\"position\":3,\"name\":\"Frezy Nasadzane LITE\"}]},{\"@type\":\"WebSite\",\"@id\":\"https:\/\/bryk.com.pl\/#website\",\"url\":\"https:\/\/bryk.com.pl\/\",\"name\":\"BRYK - LEAVE A PRECISE MARK\",\"description\":\"Polski producent narz\u0119dzi\",\"potentialAction\":[{\"@type\":\"SearchAction\",\"target\":{\"@type\":\"EntryPoint\",\"urlTemplate\":\"https:\/\/bryk.com.pl\/?s={search_term_string}\"},\"query-input\":{\"@type\":\"PropertyValueSpecification\",\"valueRequired\":true,\"valueName\":\"search_term_string\"}}],\"inLanguage\":\"pl-PL\"}]}<\/script>\n<!-- \/ Yoast SEO plugin. -->","yoast_head_json":{"title":"Frezy Nasadzane LITE - BRYK - LEAVE A PRECISE MARK","robots":{"index":"index","follow":"follow","max-snippet":"max-snippet:-1","max-image-preview":"max-image-preview:large","max-video-preview":"max-video-preview:-1"},"canonical":"https:\/\/bryk.com.pl\/?product=1316","og_locale":"pl_PL","og_type":"article","og_title":"Frezy Nasadzane LITE - BRYK - LEAVE A PRECISE MARK","og_description":"Frezy nasadzane stosowane w procesach jednostronnego formatowania p\u0142yty wi\u00f3rowej laminowanej, p\u0142yty oklejanej innymi rodzajami dekor\u00f3w, p\u0142yty MDF i innych materia\u0142\u00f3w drewnopochodnych. Optymalnie dobrane katy ostrzy zapewniaj\u0105 wysoka jako\u015b\u0107 obr\u00f3bki oraz bardzo d\u0142uga \u017cywotno\u015b\u0107.    D B max b min d Z Kod   100 36 38 30 3+3 NPL100163003   125 36 38 30 3+3 NPL125123008   125 44 48 30 3+3 NPL125123007   125 26 30 30 6+6 NPL125243004   125 36 38 30 6+6 NPL125243001   127 32 36 30 6+6 NPL127243004   150 36 38 30 6+6 NPL150243001   150 40 42 130 6+6 NPL125243002","og_url":"https:\/\/bryk.com.pl\/?product=1316","og_site_name":"BRYK - LEAVE A PRECISE MARK","article_publisher":"https:\/\/www.facebook.com\/ppuhbryk\/","article_modified_time":"2019-12-10T09:29:28+00:00","og_image":[{"width":2500,"height":2500,"url":"https:\/\/bryk.com.pl\/wp-content\/uploads\/2018\/04\/FrezyNasadzaneLITE.jpg","type":"image\/jpeg"}],"twitter_card":"summary_large_image","schema":{"@context":"https:\/\/schema.org","@graph":[{"@type":"WebPage","@id":"https:\/\/bryk.com.pl\/?product=1316","url":"https:\/\/bryk.com.pl\/?product=1316","name":"Frezy Nasadzane LITE - BRYK - LEAVE A PRECISE MARK","isPartOf":{"@id":"https:\/\/bryk.com.pl\/#website"},"primaryImageOfPage":{"@id":"https:\/\/bryk.com.pl\/?product=1316#primaryimage"},"image":{"@id":"https:\/\/bryk.com.pl\/?product=1316#primaryimage"},"thumbnailUrl":"https:\/\/bryk.com.pl\/wp-content\/uploads\/2018\/04\/FrezyNasadzaneLITE.jpg","datePublished":"2018-04-03T17:52:09+00:00","dateModified":"2019-12-10T09:29:28+00:00","breadcrumb":{"@id":"https:\/\/bryk.com.pl\/?product=1316#breadcrumb"},"inLanguage":"pl-PL","potentialAction":[{"@type":"ReadAction","target":["https:\/\/bryk.com.pl\/?product=1316"]}]},{"@type":"ImageObject","inLanguage":"pl-PL","@id":"https:\/\/bryk.com.pl\/?product=1316#primaryimage","url":"https:\/\/bryk.com.pl\/wp-content\/uploads\/2018\/04\/FrezyNasadzaneLITE.jpg","contentUrl":"https:\/\/bryk.com.pl\/wp-content\/uploads\/2018\/04\/FrezyNasadzaneLITE.jpg","width":2500,"height":2500,"caption":"FrezyNasadzaneLITE"},{"@type":"BreadcrumbList","@id":"https:\/\/bryk.com.pl\/?product=1316#breadcrumb","itemListElement":[{"@type":"ListItem","position":1,"name":"Strona g\u0142\u00f3wna","item":"https:\/\/bryk.com.pl\/"},{"@type":"ListItem","position":2,"name":"Products","item":"https:\/\/bryk.com.pl\/sklep\/"},{"@type":"ListItem","position":3,"name":"Frezy Nasadzane LITE"}]},{"@type":"WebSite","@id":"https:\/\/bryk.com.pl\/#website","url":"https:\/\/bryk.com.pl\/","name":"BRYK - LEAVE A PRECISE MARK","description":"Polski producent narz\u0119dzi","potentialAction":[{"@type":"SearchAction","target":{"@type":"EntryPoint","urlTemplate":"https:\/\/bryk.com.pl\/?s={search_term_string}"},"query-input":{"@type":"PropertyValueSpecification","valueRequired":true,"valueName":"search_term_string"}}],"inLanguage":"pl-PL"}]}},"_links":{"self":[{"href":"https:\/\/bryk.com.pl\/index.php?rest_route=\/wp\/v2\/product\/1316","targetHints":{"allow":["GET"]}}],"collection":[{"href":"https:\/\/bryk.com.pl\/index.php?rest_route=\/wp\/v2\/product"}],"about":[{"href":"https:\/\/bryk.com.pl\/index.php?rest_route=\/wp\/v2\/types\/product"}],"wp:featuredmedia":[{"embeddable":true,"href":"https:\/\/bryk.com.pl\/index.php?rest_route=\/wp\/v2\/media\/2355"}],"wp:attachment":[{"href":"https:\/\/bryk.com.pl\/index.php?rest_route=%2Fwp%2Fv2%2Fmedia&parent=1316"}],"wp:term":[{"taxonomy":"product_brand","embeddable":true,"href":"https:\/\/bryk.com.pl\/index.php?rest_route=%2Fwp%2Fv2%2Fproduct_brand&post=1316"},{"taxonomy":"product_cat","embeddable":true,"href":"https:\/\/bryk.com.pl\/index.php?rest_route=%2Fwp%2Fv2%2Fproduct_cat&post=1316"},{"taxonomy":"product_tag","embeddable":true,"href":"https:\/\/bryk.com.pl\/index.php?rest_route=%2Fwp%2Fv2%2Fproduct_tag&post=1316"}],"curies":[{"name":"wp","href":"https:\/\/api.w.org\/{rel}","templated":true}]}}